{"id":3528,"date":"2018-10-16T12:22:52","date_gmt":"2018-10-16T12:22:52","guid":{"rendered":"http:\/\/auladeclio.com\/auladeclio\/?page_id=3528"},"modified":"2026-01-15T08:12:43","modified_gmt":"2026-01-15T08:12:43","slug":"6-la-prehistoria","status":"publish","type":"page","link":"https:\/\/auladeclio.com\/auladeclio\/6-la-prehistoria\/","title":{"rendered":"6 LA PREHISTORIA"},"content":{"rendered":"<div class=\"wpb-content-wrapper\">[vc_row][vc_column width=&#8221;1\/3&#8243; offset=&#8221;vc_col-lg-offset-0 vc_col-md-offset-0 vc_col-sm-offset-0 vc_col-xs-3&#8243;][vc_icon icon_fontawesome=&#8221;fa fa-chevron-left&#8221; color=&#8221;green&#8221; link=&#8221;url:http%3A%2F%2Fauladeclio.com%2Fauladeclio%2F6-4-los-paisajes-humanizados|title:TEMA%20ANTERIOR|target:%20_blank|&#8221;][\/vc_column][vc_column width=&#8221;1\/3&#8243; offset=&#8221;vc_col-lg-offset-0 vc_col-md-offset-0 vc_col-sm-offset-0 vc_col-xs-offset-1 vc_col-xs-3&#8243;][vc_icon icon_fontawesome=&#8221;fa fa-list&#8221; color=&#8221;white&#8221; align=&#8221;center&#8221; link=&#8221;|title:%C3%8DNDICE%20DE%20EP%C3%8DGRAFES||&#8221;][\/vc_column][vc_column width=&#8221;1\/3&#8243; offset=&#8221;vc_col-lg-offset-0 vc_col-md-offset-0 vc_col-sm-offset-0 vc_col-xs-offset-1 vc_col-xs-3&#8243;][vc_icon icon_fontawesome=&#8221;fa fa-chevron-right&#8221; color=&#8221;green&#8221; align=&#8221;right&#8221; link=&#8221;url:http%3A%2F%2Fauladeclio.com%2Fauladeclio%2F7-1-el-paisaje-oceanico-o-atlantico|title:EP%C3%8DGRAFE%20SIGUIENTE|target:%20_blank|&#8221;][\/vc_column][\/vc_row][vc_row][vc_column][vc_column_text]<span style=\"font-size: 18pt;\"><strong>EN EL PRESENTE TEMA VEREMOS LOS SIGUIENTES EP\u00cdGRAFES:<\/strong><\/span>[\/vc_column_text][\/vc_column][\/vc_row][vc_row][vc_column][vc_separator][vc_custom_heading text=&#8221;6.1 \u00bfQu\u00e9 eres?&#8221; google_fonts=&#8221;font_family:Ubuntu%3A300%2C300italic%2Cregular%2Citalic%2C500%2C500italic%2C700%2C700italic|font_style:400%20regular%3A400%3Anormal&#8221; css=&#8221;&#8221; link=&#8221;url:https%3A%2F%2Fauladeclio.com%2Fauladeclio%2F6-1-que-eres%2F|target:_blank&#8221;][vc_custom_heading text=&#8221;6.2 La evoluci\u00f3n de nuestra especie&#8221; google_fonts=&#8221;font_family:Ubuntu%3A300%2C300italic%2Cregular%2Citalic%2C500%2C500italic%2C700%2C700italic|font_style:400%20regular%3A400%3Anormal&#8221; css=&#8221;&#8221; link=&#8221;url:https%3A%2F%2Fauladeclio.com%2Fauladeclio%2F6-2-la-evolucion-de-nuestra-especie%2F|target:_blank&#8221;][vc_custom_heading text=&#8221;6.3 El Paleol\u00edtico: Tres millones de a\u00f1os conociendo el mundo&#8221; google_fonts=&#8221;font_family:Ubuntu%3A300%2C300italic%2Cregular%2Citalic%2C500%2C500italic%2C700%2C700italic|font_style:400%20regular%3A400%3Anormal&#8221; css=&#8221;&#8221; link=&#8221;url:https%3A%2F%2Fauladeclio.com%2Fauladeclio%2F6-3-el-paleolitico-tres-millones-de-anos-conociendo-el-mundo%2F|target:_blank&#8221;][vc_custom_heading text=&#8221;6.4 La primera gran revoluci\u00f3n: El Neol\u00edtico&#8221; google_fonts=&#8221;font_family:Ubuntu%3A300%2C300italic%2Cregular%2Citalic%2C500%2C500italic%2C700%2C700italic|font_style:400%20regular%3A400%3Anormal&#8221; css=&#8221;&#8221; link=&#8221;url:https%3A%2F%2Fauladeclio.com%2Fauladeclio%2F6-4-la-primera-gran-revolucion-el-neolitico%2F|target:_blank&#8221;][vc_custom_heading text=&#8221;6.5 La Edad de los Metales&#8221; google_fonts=&#8221;font_family:Ubuntu%3A300%2C300italic%2Cregular%2Citalic%2C500%2C500italic%2C700%2C700italic|font_style:400%20regular%3A400%3Anormal&#8221; css=&#8221;&#8221; link=&#8221;url:https%3A%2F%2Fauladeclio.com%2Fauladeclio%2F6-5-la-edad-de-los-metales%2F|target:_blank&#8221;][vc_custom_heading text=&#8221;6.6 La Prehistoria en nuestro entorno&#8221; google_fonts=&#8221;font_family:Ubuntu%3A300%2C300italic%2Cregular%2Citalic%2C500%2C500italic%2C700%2C700italic|font_style:400%20regular%3A400%3Anormal&#8221; css=&#8221;&#8221; link=&#8221;url:https%3A%2F%2Fauladeclio.com%2Fauladeclio%2F6-6-la-prehistoria-en-nuestro-entorno%2F|target:_blank&#8221;][\/vc_column][\/vc_row][vc_row][vc_column][vc_btn title=&#8221;DESCARGA EL TEMA EN PDF&#8221; shape=&#8221;square&#8221; color=&#8221;danger&#8221; align=&#8221;center&#8221; i_icon_fontawesome=&#8221;fa fa-file-pdf-o&#8221; button_block=&#8221;true&#8221; add_icon=&#8221;true&#8221; link=&#8221;|title:DESCARGA%20EL%20TEMA%20EN%20PDF|target:%20_blank|&#8221;][vc_btn title=&#8221;DESCARGA LAS ACTIVIDADES .DOCX&#8221; shape=&#8221;square&#8221; color=&#8221;sky&#8221; align=&#8221;center&#8221; i_icon_fontawesome=&#8221;fa fa-file-word-o&#8221; button_block=&#8221;true&#8221; add_icon=&#8221;true&#8221; link=&#8221;|title:DESCARGA%20EL%20TEMA%20EN%20PDF|target:%20_blank|&#8221;][vc_separator][vc_cta h2=&#8221;EL PERIODO M\u00c1S EXTENSO DE NUESTRA HISTORIA&#8221; h4=&#8221;LA PREHISTORIA DUR\u00d3 MILLONES DE A\u00d1OS&#8221; css=&#8221;&#8221;]<figure id=\"attachment_4515\" class=\"thumbnail wp-caption alignright\" style=\"width: 310px\"><a href=\"https:\/\/auladeclio.com\/auladeclio\/wp-content\/uploads\/2018\/11\/Los-Ardipithecus.jpg\"><img loading=\"lazy\" decoding=\"async\" class=\"wp-image-4515 size-medium\" src=\"https:\/\/auladeclio.com\/auladeclio\/wp-content\/uploads\/2018\/11\/Los-Ardipithecus-300x265.jpg\" alt=\"\" width=\"300\" height=\"265\" srcset=\"https:\/\/auladeclio.com\/auladeclio\/wp-content\/uploads\/2018\/11\/Los-Ardipithecus-300x265.jpg 300w, https:\/\/auladeclio.com\/auladeclio\/wp-content\/uploads\/2018\/11\/Los-Ardipithecus-768x678.jpg 768w, https:\/\/auladeclio.com\/auladeclio\/wp-content\/uploads\/2018\/11\/Los-Ardipithecus.jpg 882w\" sizes=\"auto, (max-width: 300px) 100vw, 300px\" \/><\/a><figcaption class=\"caption wp-caption-text\">RECREACI\u00d3N DE UN ARDIPITHECUS. SE CREE QUE SON NUESTROS ANCESTROS M\u00c1S LEJANOS YA QUE POD\u00cdAN ANDAR SOBRE SUS PIERNAS TRASERAS E INCLUSO MANIPULAR HERRAMIENTAS COMO PALOS, TAL Y COMO HACEN EN LA ACTUALIDAD LOS CHIMPANC\u00c9S<\/figcaption><\/figure>\n<p>Los primeros antepasados de nuestra especie son los <strong><em>Ardipithechus<\/em><\/strong> y se cree que habitaron la Tierra <strong>hace unos 5 millones de a\u00f1os. <\/strong>Estos lejanos parientes son los ancestros de los<strong><em> Australopithecus, <\/em><\/strong>que m\u00e1s tarde, <strong>hace unos 2,5 millones de a\u00f1os evolucionarion hacia<\/strong> los que son considerados primeros miembros del g\u00e9nero Homo:<strong><em> el Homo Habilis<\/em><\/strong>. Mucho m\u00e1s tarde, se cree que <strong>hace unos 200.000 a\u00f1os<\/strong> y tras la aparici\u00f3n y extinci\u00f3n de varias especies de Homos, <strong>apareci\u00f3 nuestra especie: <em>el Homo Sapiens.<\/em><\/strong><\/p>\n<p>Vemos por lo tanto, como en tan solo unas 3 \u00f3 4 l\u00edneas hemos resumido 4.800.000 a\u00f1os de historia, esto es: el 96% de la existencia de nuestro g\u00e9nero: el g\u00e9nero Homo.<\/p>\n<p><strong>Pero la aparici\u00f3n de nuestra especie no marca el final de la Prehistoria, ya que para dar inicio a la Edad Antigua nuestra especie deber\u00e1 aprender a escribir y eso no pas\u00f3 hasta muchos miles de a\u00f1os despu\u00e9s. Creemos que los primeros textos fueron escritos en los valles del E\u00fafrates y el Tigris hace unos 6.000 o 5.500 a\u00f1os.<\/strong><\/p>\n<p>Este \u00faltimo dato nos obliga a hacer c\u00e1lculos nuevamente, hemos dicho que los primeros seres parecidos a nosotros aparecen hace unos 5.000.000 millones de a\u00f1os, nuestra especie dio sus primeros pasos en \u00c1frica hace unos 200.000 a\u00f1os y comenzamos a escribir hace unos 6.000 a\u00f1os, por lo tanto, podemos decir que la Prehistoria representa el 99,88% de la historia. Si nos ce\u00f1imos a nuestra especie: el Homo Sapiens, el dato es tambi\u00e9n impresionante: <strong>el 97% de nuestra historia forma parte de la Prehistoria y el restante 3% se reparte entre la Antig\u00fcedad, la Edad Media, la Edad Moderna y la Edad Contempor\u00e1nea.<\/strong><\/p>\n<figure id=\"attachment_4516\" class=\"thumbnail wp-caption alignleft\" style=\"width: 296px\"><a href=\"https:\/\/auladeclio.com\/auladeclio\/wp-content\/uploads\/2018\/11\/enterramientos-en-la-c3a9poca-prehistc3b3rica.jpg\"><img loading=\"lazy\" decoding=\"async\" class=\"size-full wp-image-4516\" src=\"https:\/\/auladeclio.com\/auladeclio\/wp-content\/uploads\/2018\/11\/enterramientos-en-la-c3a9poca-prehistc3b3rica.jpg\" alt=\"\" width=\"286\" height=\"299\"><\/a><figcaption class=\"caption wp-caption-text\">ENTERRAR A LOS MUERTOS SIGNIFICA TENER UN PENSAMIENTO SIMB\u00d3LICO<\/figcaption><\/figure>\n<p><strong>Durante todos estos millones de a\u00f1os se produjeron algunos de los inventos y avances m\u00e1s importantes de la historia de la humanidad<\/strong>, por ejemplo: hace unos 3 millones de a\u00f1os, los primeros miembros del g\u00e9nero <em>Homo<\/em> desarrollaron las <strong>primeras herramientas en piedra<\/strong>, al principio muy&nbsp; simples, piedras con un peque\u00f1o filo que se usaban para romper huesos y extraer el tu\u00e9tano de ellos, m\u00e1s tarde el <em>Homo Erectus<\/em> consigui\u00f3 <strong>dominar el fuego<\/strong> hace un 1.700.000 a\u00f1os. Mucho m\u00e1s tarde el Homo Neandethalensis y nuestra propia especia, el Homo Sapiens, descubren, hace unos 150.000 a\u00f1os <strong>el mundo simb\u00f3lico<\/strong>, el m\u00e1s all\u00e1. Comienzan las creencias en seres todo poderosos que dan sentido a la muerte, las cat\u00e1strofes naturales, el nacimiento de los hijos&#8230;<\/p>\n<p><strong>Finalmente, hace unos 9.000 a\u00f1os, nuestra especie<\/strong> (\u00fanica superviviente del g\u00e9nero <em>Homo<\/em>&#8230; todas las dem\u00e1s ya se hab\u00edan extinguido), <strong>lleva a acabo uno de los avances m\u00e1s importantes de la historia de la humanidad<\/strong>: dejar\u00e1 de perseguir animales por las praderas para cazarlas y se asentar\u00e1 en un sitio durante toda su vida, para conseguirlo tuvo que poner en funcionamiento dos importante inventos: la agricultura y la ganader\u00eda&#8230; La humanidad nunca volver\u00eda a ser la misma. A partir de ese momento la historia de la humanidad se acelerar\u00e1 de manera exponencial. <strong>La Revoluci\u00f3n neol\u00edtica marca un antes y un despu\u00e9s en nuestra historia.<\/strong>[\/vc_cta][\/vc_column][\/vc_row]\n<\/div>","protected":false},"excerpt":{"rendered":"<p>[vc_row][vc_column width=&#8221;1\/3&#8243; offset=&#8221;vc_col-lg-offset-0 vc_col-md-offset-0 vc_col-sm-offset-0 vc_col-xs-3&#8243;][vc_icon icon_fontawesome=&#8221;fa fa-chevron-left&#8221; color=&#8221;green&#8221; link=&#8221;url:http%3A%2F%2Fauladeclio.com%2Fauladeclio%2F6-4-los-paisajes-humanizados|title:TEMA%20ANTERIOR|target:%20_blank|&#8221;][\/vc_column][vc_column width=&#8221;1\/3&#8243; offset=&#8221;vc_col-lg-offset-0 vc_col-md-offset-0 vc_col-sm-offset-0 vc_col-xs-offset-1 vc_col-xs-3&#8243;][vc_icon icon_fontawesome=&#8221;fa fa-list&#8221; color=&#8221;white&#8221; align=&#8221;center&#8221; link=&#8221;|title:%C3%8DNDICE%20DE%20EP%C3%8DGRAFES||&#8221;][\/vc_column][vc_column width=&#8221;1\/3&#8243; offset=&#8221;vc_col-lg-offset-0 vc_col-md-offset-0 vc_col-sm-offset-0 vc_col-xs-offset-1 vc_col-xs-3&#8243;][vc_icon icon_fontawesome=&#8221;fa fa-chevron-right&#8221; color=&#8221;green&#8221; align=&#8221;right&#8221; link=&#8221;url:http%3A%2F%2Fauladeclio.com%2Fauladeclio%2F7-1-el-paisaje-oceanico-o-atlantico|title:EP%C3%8DGRAFE%20SIGUIENTE|target:%20_blank|&#8221;][\/vc_column][\/vc_row][vc_row][vc_column][vc_column_text]EN EL PRESENTE TEMA VEREMOS LOS SIGUIENTES EP\u00cdGRAFES:[\/vc_column_text][\/vc_column][\/vc_row][vc_row][vc_column][vc_separator][vc_custom_heading text=&#8221;6.1 \u00bfQu\u00e9 eres?&#8221; google_fonts=&#8221;font_family:Ubuntu%3A300%2C300italic%2Cregular%2Citalic%2C500%2C500italic%2C700%2C700italic|font_style:400%20regular%3A400%3Anormal&#8221; css=&#8221;&#8221; link=&#8221;url:https%3A%2F%2Fauladeclio.com%2Fauladeclio%2F6-1-que-eres%2F|target:_blank&#8221;][vc_custom_heading text=&#8221;6.2 La evoluci\u00f3n de nuestra especie&#8221; google_fonts=&#8221;font_family:Ubuntu%3A300%2C300italic%2Cregular%2Citalic%2C500%2C500italic%2C700%2C700italic|font_style:400%20regular%3A400%3Anormal&#8221; css=&#8221;&#8221; link=&#8221;url:https%3A%2F%2Fauladeclio.com%2Fauladeclio%2F6-2-la-evolucion-de-nuestra-especie%2F|target:_blank&#8221;][vc_custom_heading text=&#8221;6.3 [&hellip;]<\/p>\n","protected":false},"author":1,"featured_media":0,"parent":0,"menu_order":0,"comment_status":"closed","ping_status":"closed","template":"","meta":{"nf_dc_page":"","footnotes":""},"categories":[97],"tags":[],"class_list":["post-3528","page","type-page","status-publish","hentry","category-1o-eso"],"_links":{"self":[{"href":"https:\/\/auladeclio.com\/auladeclio\/wp-json\/wp\/v2\/pages\/3528","targetHints":{"allow":["GET"]}}],"collection":[{"href":"https:\/\/auladeclio.com\/auladeclio\/wp-json\/wp\/v2\/pages"}],"about":[{"href":"https:\/\/auladeclio.com\/auladeclio\/wp-json\/wp\/v2\/types\/page"}],"author":[{"embeddable":true,"href":"https:\/\/auladeclio.com\/auladeclio\/wp-json\/wp\/v2\/users\/1"}],"replies":[{"embeddable":true,"href":"https:\/\/auladeclio.com\/auladeclio\/wp-json\/wp\/v2\/comments?post=3528"}],"version-history":[{"count":11,"href":"https:\/\/auladeclio.com\/auladeclio\/wp-json\/wp\/v2\/pages\/3528\/revisions"}],"predecessor-version":[{"id":9863,"href":"https:\/\/auladeclio.com\/auladeclio\/wp-json\/wp\/v2\/pages\/3528\/revisions\/9863"}],"wp:attachment":[{"href":"https:\/\/auladeclio.com\/auladeclio\/wp-json\/wp\/v2\/media?parent=3528"}],"wp:term":[{"taxonomy":"category","embeddable":true,"href":"https:\/\/auladeclio.com\/auladeclio\/wp-json\/wp\/v2\/categories?post=3528"},{"taxonomy":"post_tag","embeddable":true,"href":"https:\/\/auladeclio.com\/auladeclio\/wp-json\/wp\/v2\/tags?post=3528"}],"curies":[{"name":"wp","href":"https:\/\/api.w.org\/{rel}","templated":true}]}}