{"id":1580,"date":"2018-04-24T18:41:46","date_gmt":"2018-04-24T18:41:46","guid":{"rendered":"http:\/\/auladeclio.com\/auladeclio\/?page_id=1580"},"modified":"2021-06-29T16:11:42","modified_gmt":"2021-06-29T16:11:42","slug":"10-la-guerra-fria-1946-1964","status":"publish","type":"page","link":"https:\/\/auladeclio.com\/auladeclio\/10-la-guerra-fria-1946-1964\/","title":{"rendered":"10 LA GUERRA FR\u00cdA (1946-1964)"},"content":{"rendered":"<div class=\"wpb-content-wrapper\">[vc_row][vc_column width=&#8221;1\/3&#8243; offset=&#8221;vc_col-lg-offset-0 vc_col-md-offset-0 vc_col-sm-offset-0 vc_col-xs-3&#8243;][vc_icon icon_fontawesome=&#8221;fa fa-chevron-left&#8221; color=&#8221;sky&#8221; link=&#8221;url:http%3A%2F%2Fauladeclio.com%2Fauladeclio%2F9-5-una-nueva-esperanza%2F|title:TEMA%20ANTERIOR|target:%20_blank|&#8221;][\/vc_column][vc_column width=&#8221;1\/3&#8243; offset=&#8221;vc_col-lg-offset-0 vc_col-md-offset-0 vc_col-sm-offset-0 vc_col-xs-offset-1 vc_col-xs-3&#8243;][vc_icon icon_fontawesome=&#8221;fa fa-list&#8221; color=&#8221;white&#8221; align=&#8221;center&#8221; link=&#8221;|title:%C3%8DNDICE%20DE%20EP%C3%8DGRAFES||&#8221;][\/vc_column][vc_column width=&#8221;1\/3&#8243; offset=&#8221;vc_col-lg-offset-0 vc_col-md-offset-0 vc_col-sm-offset-0 vc_col-xs-offset-1 vc_col-xs-3&#8243;][vc_icon icon_fontawesome=&#8221;fa fa-chevron-right&#8221; color=&#8221;sky&#8221; align=&#8221;right&#8221; link=&#8221;url:http%3A%2F%2Fauladeclio.com%2Fauladeclio%2F10-1-el-triunfo-de-la-desconfianza-mutua%2F|title:EP%C3%8DGRAFE%20SIGUIENTE|target:%20_blank|&#8221;][\/vc_column][\/vc_row][vc_row][vc_column][vc_column_text]<span style=\"font-size: 18pt;\"><strong>EN EL PRESENTE TEMA VEREMOS LOS SIGUIENTES EP\u00cdGRAFES:<\/strong><\/span>[\/vc_column_text][\/vc_column][\/vc_row][vc_row][vc_column][vc_separator][vc_custom_heading text=&#8221;10.1 El nacimiento de la Era At\u00f3mica y el origen de la Guerra Fr\u00eda&#8221; google_fonts=&#8221;font_family:Ubuntu%3A300%2C300italic%2Cregular%2Citalic%2C500%2C500italic%2C700%2C700italic|font_style:400%20regular%3A400%3Anormal&#8221; link=&#8221;url:http%3A%2F%2Fauladeclio.com%2Fauladeclio%2F10-1-el-triunfo-de-la-desconfianza-mutua%2F||target:%20_blank|&#8221;][vc_custom_heading text=&#8221;10.2 La m\u00e1xima tensi\u00f3n (1948-1953)&#8221; google_fonts=&#8221;font_family:Ubuntu%3A300%2C300italic%2Cregular%2Citalic%2C500%2C500italic%2C700%2C700italic|font_style:400%20regular%3A400%3Anormal&#8221; link=&#8221;url:http%3A%2F%2Fauladeclio.com%2Fauladeclio%2F10-2-la-maxima-tension-1948-1953%2F||target:%20_blank|&#8221;][vc_custom_heading text=&#8221;10.3 El bloque comunista&#8221; google_fonts=&#8221;font_family:Ubuntu%3A300%2C300italic%2Cregular%2Citalic%2C500%2C500italic%2C700%2C700italic|font_style:400%20regular%3A400%3Anormal&#8221; link=&#8221;url:http%3A%2F%2Fauladeclio.com%2Fauladeclio%2F10-3-el-bloque-comunista%2F||target:%20_blank|&#8221;][vc_custom_heading text=&#8221;10.4 El bloque capitalista&#8221; google_fonts=&#8221;font_family:Ubuntu%3A300%2C300italic%2Cregular%2Citalic%2C500%2C500italic%2C700%2C700italic|font_style:400%20regular%3A400%3Anormal&#8221; link=&#8221;url:http%3A%2F%2Fauladeclio.com%2Fauladeclio%2F10-4-el-bloque-capitalista%2F||target:%20_blank|&#8221;][vc_custom_heading text=&#8221;10.5 Hacia la coexistencia pac\u00edfica (1954-1964)&#8221; google_fonts=&#8221;font_family:Ubuntu%3A300%2C300italic%2Cregular%2Citalic%2C500%2C500italic%2C700%2C700italic|font_style:400%20regular%3A400%3Anormal&#8221; link=&#8221;url:http%3A%2F%2Fauladeclio.com%2Fauladeclio%2F10-5-hacia-la-coexistencia-pacifica-1954-1964%2F||target:%20_blank|&#8221;][\/vc_column][\/vc_row][vc_row][vc_column][vc_btn title=&#8221;DESCARGA EL TEMA EN PDF&#8221; shape=&#8221;square&#8221; color=&#8221;pink&#8221; align=&#8221;center&#8221; i_icon_fontawesome=&#8221;fa fa-file-pdf-o&#8221; button_block=&#8221;true&#8221; add_icon=&#8221;true&#8221; link=&#8221;url:https%3A%2F%2Fdrive.google.com%2Ffile%2Fd%2F0B2RIZTHRMHvaYVFwNVRXSG5WTjQ%2Fview%3Fusp%3Dsharing|title:DESCARGA%20EL%20TEMA%20EN%20PDF||&#8221;][vc_btn title=&#8221;DESCARGA EL CUADERNO DE ACTIVIDADES EN .DOCX&#8221; shape=&#8221;square&#8221; color=&#8221;primary&#8221; align=&#8221;center&#8221; i_icon_fontawesome=&#8221;&#8221; button_block=&#8221;true&#8221; add_icon=&#8221;true&#8221; link=&#8221;url:https%3A%2F%2F1drv.ms%2Fw%2Fs!Ao1W-z3Sn3gdgq8FQe7HmA5JTfW7CQ%3Fe%3DoHnPAt|title:DESCARGA%20EL%20TEMA%20EN%20PDF|target:_blank&#8221;][vc_separator][vc_wp_text]\n<h2>UN MUNDO BIPOLAR<\/h2>\n<div class=\"row\">\n<div class=\"col-lg-6 col-md-12 col-sm-12 col-12\">\n<p style=\"text-align: justify;\">La Segunda Guerra Mundial acaba con la derrota de Alemania y la destrucci\u00f3n de Europa, que pierde su hegemon\u00eda mundial tras siglos de dominaci\u00f3n. Como consecuencia del mayor enfrentamiento b\u00e9lico de la historia de la humanidad <strong>emergen dos superpotencias: la URSS y los EE.UU.<\/strong><\/p>\n<p style=\"text-align: justify;\">Estos dos pa\u00edses <strong>lucharon unidos contra las potencias del Eje<\/strong>, pero incluso antes de que finalizara la conflagraci\u00f3n mundial <strong>comenzaron a mostrar profundas diferencias<\/strong> en su visi\u00f3n de como deber\u00eda ser el mundo tras la derrota de Hitler y sus alidados. Estas diferencias <strong>se fundamentaban en su antag\u00f3nica organizaci\u00f3n pol\u00edtica y econ\u00f3mica.<\/strong><\/p>\n<p style=\"padding-left: 40px; text-align: justify;\">&#8211; La <strong>URSS<\/strong> era un estado basado en las ideas marxistas y leninistas, pero en realidad se hab\u00eda convertido en una<strong> terrible dictadura personalista en la que Stalin controlaba todos los resortes del poder<\/strong> a trav\u00e9s del \u00fanico partido pol\u00edtico permitido el PCUS. Su <strong>econom\u00eda estaba estrictamente planificada y no hab\u00eda libertad de mercado.<\/strong><\/p>\n<\/div>\n<div class=\"col-lg-6 col-md-12 col-sm-12 col-12\">\n<div class=\"embed-responsive embed-responsive-16by9\"><iframe loading=\"lazy\" src=\"https:\/\/drive.google.com\/file\/d\/1HwMRpw3yaHKVE4SibFg5wKlARbeWG3Wa\/preview\" width=\"640\" height=\"320\" class=\"embed-responsive-item\"><\/iframe><\/div>\n<p><center>UN MUNDO BIPOLAR<\/center><\/div>\n<\/div>\n<p style=\"padding-left: 40px;\">&#8211; Los <strong>EE.UU<\/strong>. eran una <strong>democracia<\/strong>, la m\u00e1s antigua del mundo, en la que exist\u00eda una <strong>amplia gama de libertades personales y econ\u00f3micas<\/strong>. La propiedad privada era considerada uno de los valores m\u00e1s importantes y era posible comprar y vender cualquier tipo de producto sin pr\u00e1cticamente ning\u00fan control. <strong>Aun as\u00ed, las contradicciones en el seno de los EE.UU. segu\u00edan siendo importantes<\/strong> ya que una buena parte de la <strong>poblaci\u00f3n<\/strong> segu\u00eda siendo <strong>discriminada<\/strong> (poblaci\u00f3n afroamericana) <strong>o recluida en reservas<\/strong> (poblaci\u00f3n ind\u00edgena).<\/p>\n<p>Sin embargo, ambos bloques no dudaron en apoyar reg\u00edmenes opuestos a sus principios ideol\u00f3gicos si con ello consegu\u00edan debilitar al contrario.<\/p>\n<p>Ya a partir de 1946, <strong>solo unos pocos meses despu\u00e9s de la finalizaci\u00f3n de la Segunda Guerra Mundial, las diferencias entre ambas potencias se tornaron en enfrentamiento abierto<\/strong>, lo que estuvo a punto de provocar un estallido b\u00e9lico en varias ocasiones. <strong>Esta profunda desconfianza provocar\u00e1 una carrera armament\u00edstica nuclear que amenazar\u00e1 con la destrucci\u00f3n mutua en cualquier momento.<\/strong><\/p>\n<p>No ser\u00e1 hasta <strong>bien entrada la d\u00e9cada de 1950<\/strong> cuando ambas potencias comiencen a <strong>buscar una coexistencia pac\u00edfica<\/strong>, que aunque d\u00e9bil, <strong>evitar\u00e1 una guerra abierta<\/strong> entre ambas superpontencias, que hubiera sido terrible para toda la poblaci\u00f3n mundial.[\/vc_wp_text][vc_single_image image=&#8221;6628&#8243; img_size=&#8221;full&#8221; alignment=&#8221;center&#8221; onclick=&#8221;img_link_large&#8221;][vc_column_text]Las dos superpotencias intentaron mantener su seguridad y ampliar o proteger sus zonas de influencia utilizando todos los medios disponibles con excepci\u00f3n del conflicto b\u00e9lico directo, ya que este implicaba el uso de armas nucleares y, por tanto, la destrucci\u00f3n mutua. Entre estas formas de enfrentamiento destacaron:<\/p>\n<ul>\n<li>Una continua carrera de armamentos, especialmente en lo referente al arsenal nuclear, de forma que cada superpotencia dispuso de suficientes medios para destruir varias veces la vida sobre la Tierra.<\/li>\n<li>La propaganda ideol\u00f3gica.<\/li>\n<li>La subversi\u00f3n y el espionaje del bloque contrario a trav\u00e9s de los servicios secretos (CIA estadounidense y KGB sovi\u00e9tico).<\/li>\n<li>La delimitaci\u00f3n de \u00e1reas de influencia en las que no se permit\u00edan disidencias.<\/li>\n<li>Las presiones pol\u00edticas y econ\u00f3micas tanto sobre los Estados aliados como contra los del bloque enemigo.<\/li>\n<li>La guerra localizada en territorios perif\u00e9ricos por los que ambos bloques intentaban expandir su dominio.<\/li>\n<\/ul>\n<p>La ONU qued\u00f3 maniatada por los intereses de las dos grandes potencias. Las pol\u00edticas de colaboraci\u00f3n y acuerdos fueron muy dif\u00edciles en este contexto, pues primaba la desconfianza mutua. Sin embargo, la ONU sirvi\u00f3 al menos como foro de debate entre los bloques y permiti\u00f3 que existiese una comunicaci\u00f3n continua entre ellos.[\/vc_column_text][vc_custom_heading text=&#8221;EL TERCER HOMBRE (1949) Carol Reed&#8221; use_theme_fonts=&#8221;yes&#8221;][vc_wp_text]<div class=\"embed-responsive embed-responsive-16by9\"><center><iframe loading=\"lazy\" src=\"https:\/\/drive.google.com\/file\/d\/19XpxyQTVe8G-KfZ9QZh4wnRkBQSkeArM\/preview\" width=\"900\" height=\"660\" class=\"embed-responsive-item\"><\/iframe><\/center><\/div>[\/vc_wp_text][vc_raw_html]JTNDaWZyYW1lJTIwc3JjJTNEJTIyaHR0cHMlM0ElMkYlMkZkb2NzLmdvb2dsZS5jb20lMkZmb3JtcyUyRmQlMkZlJTJGMUZBSXBRTFNlcWpjMlhpY2RyRkxWWWpWRjM0emZMWV9nbUIzRzNjWnl2d0hHdG4tci02dk11YnclMkZ2aWV3Zm9ybSUzRmVtYmVkZGVkJTNEdHJ1ZSUyMiUyMHdpZHRoJTNEJTIyMTA4MCUyMiUyMGhlaWdodCUzRCUyMjExNzYlMjIlMjBmcmFtZWJvcmRlciUzRCUyMjAlMjIlMjBtYXJnaW5oZWlnaHQlM0QlMjIwJTIyJTIwbWFyZ2lud2lkdGglM0QlMjIwJTIyJTNFQ2FyZ2FuZG8lRTIlODAlQTYlM0MlMkZpZnJhbWUlM0U=[\/vc_raw_html][\/vc_column][\/vc_row]\n<\/div>","protected":false},"excerpt":{"rendered":"<p>[vc_row][vc_column width=&#8221;1\/3&#8243; offset=&#8221;vc_col-lg-offset-0 vc_col-md-offset-0 vc_col-sm-offset-0 vc_col-xs-3&#8243;][vc_icon icon_fontawesome=&#8221;fa fa-chevron-left&#8221; color=&#8221;sky&#8221; link=&#8221;url:http%3A%2F%2Fauladeclio.com%2Fauladeclio%2F9-5-una-nueva-esperanza%2F|title:TEMA%20ANTERIOR|target:%20_blank|&#8221;][\/vc_column][vc_column width=&#8221;1\/3&#8243; offset=&#8221;vc_col-lg-offset-0 vc_col-md-offset-0 vc_col-sm-offset-0 vc_col-xs-offset-1 vc_col-xs-3&#8243;][vc_icon icon_fontawesome=&#8221;fa fa-list&#8221; color=&#8221;white&#8221; align=&#8221;center&#8221; link=&#8221;|title:%C3%8DNDICE%20DE%20EP%C3%8DGRAFES||&#8221;][\/vc_column][vc_column width=&#8221;1\/3&#8243; offset=&#8221;vc_col-lg-offset-0 vc_col-md-offset-0 vc_col-sm-offset-0 vc_col-xs-offset-1 vc_col-xs-3&#8243;][vc_icon icon_fontawesome=&#8221;fa fa-chevron-right&#8221; color=&#8221;sky&#8221; align=&#8221;right&#8221; link=&#8221;url:http%3A%2F%2Fauladeclio.com%2Fauladeclio%2F10-1-el-triunfo-de-la-desconfianza-mutua%2F|title:EP%C3%8DGRAFE%20SIGUIENTE|target:%20_blank|&#8221;][\/vc_column][\/vc_row][vc_row][vc_column][vc_column_text]EN EL PRESENTE TEMA VEREMOS LOS SIGUIENTES EP\u00cdGRAFES:[\/vc_column_text][\/vc_column][\/vc_row][vc_row][vc_column][vc_separator][vc_custom_heading text=&#8221;10.1 El nacimiento de la Era At\u00f3mica y el origen de la Guerra Fr\u00eda&#8221; google_fonts=&#8221;font_family:Ubuntu%3A300%2C300italic%2Cregular%2Citalic%2C500%2C500italic%2C700%2C700italic|font_style:400%20regular%3A400%3Anormal&#8221; link=&#8221;url:http%3A%2F%2Fauladeclio.com%2Fauladeclio%2F10-1-el-triunfo-de-la-desconfianza-mutua%2F||target:%20_blank|&#8221;][vc_custom_heading [&hellip;]<\/p>\n","protected":false},"author":1,"featured_media":0,"parent":0,"menu_order":0,"comment_status":"closed","ping_status":"closed","template":"","meta":{"nf_dc_page":"","footnotes":""},"categories":[14,13],"tags":[],"class_list":["post-1580","page","type-page","status-publish","hentry","category-1o-de-bachillerato","category-historia-del-mundo-contemporaneo"],"_links":{"self":[{"href":"https:\/\/auladeclio.com\/auladeclio\/wp-json\/wp\/v2\/pages\/1580","targetHints":{"allow":["GET"]}}],"collection":[{"href":"https:\/\/auladeclio.com\/auladeclio\/wp-json\/wp\/v2\/pages"}],"about":[{"href":"https:\/\/auladeclio.com\/auladeclio\/wp-json\/wp\/v2\/types\/page"}],"author":[{"embeddable":true,"href":"https:\/\/auladeclio.com\/auladeclio\/wp-json\/wp\/v2\/users\/1"}],"replies":[{"embeddable":true,"href":"https:\/\/auladeclio.com\/auladeclio\/wp-json\/wp\/v2\/comments?post=1580"}],"version-history":[{"count":10,"href":"https:\/\/auladeclio.com\/auladeclio\/wp-json\/wp\/v2\/pages\/1580\/revisions"}],"predecessor-version":[{"id":9609,"href":"https:\/\/auladeclio.com\/auladeclio\/wp-json\/wp\/v2\/pages\/1580\/revisions\/9609"}],"wp:attachment":[{"href":"https:\/\/auladeclio.com\/auladeclio\/wp-json\/wp\/v2\/media?parent=1580"}],"wp:term":[{"taxonomy":"category","embeddable":true,"href":"https:\/\/auladeclio.com\/auladeclio\/wp-json\/wp\/v2\/categories?post=1580"},{"taxonomy":"post_tag","embeddable":true,"href":"https:\/\/auladeclio.com\/auladeclio\/wp-json\/wp\/v2\/tags?post=1580"}],"curies":[{"name":"wp","href":"https:\/\/api.w.org\/{rel}","templated":true}]}}