{"id":1515,"date":"2018-04-22T08:47:35","date_gmt":"2018-04-22T08:47:35","guid":{"rendered":"http:\/\/auladeclio.com\/auladeclio\/?page_id=1515"},"modified":"2021-06-25T17:10:44","modified_gmt":"2021-06-25T17:10:44","slug":"7-la-i-guerra-mundial-y-las-revoluciones-rusas-1914-1919","status":"publish","type":"page","link":"https:\/\/auladeclio.com\/auladeclio\/7-la-i-guerra-mundial-y-las-revoluciones-rusas-1914-1919\/","title":{"rendered":"7 LA I GUERRA MUNDIAL Y LAS REVOLUCIONES RUSAS (1914-1919)"},"content":{"rendered":"<div class=\"wpb-content-wrapper\">[vc_row][vc_column width=&#8221;1\/3&#8243; offset=&#8221;vc_col-lg-offset-0 vc_col-md-offset-0 vc_col-sm-offset-0 vc_col-xs-3&#8243;][vc_icon icon_fontawesome=&#8221;fa fa-chevron-left&#8221; color=&#8221;sky&#8221; link=&#8221;url:http%3A%2F%2Fauladeclio.com%2Fauladeclio%2F6-5-la-expansion-colonial-y-sus-consecuencias%2F|title:TEMA%20ANTERIOR|target:%20_blank|&#8221;][\/vc_column][vc_column width=&#8221;1\/3&#8243; offset=&#8221;vc_col-lg-offset-0 vc_col-md-offset-0 vc_col-sm-offset-0 vc_col-xs-offset-1 vc_col-xs-3&#8243;][vc_icon icon_fontawesome=&#8221;fa fa-list&#8221; color=&#8221;white&#8221; align=&#8221;center&#8221; link=&#8221;|title:%C3%8DNDICE%20DE%20EP%C3%8DGRAFES||&#8221;][\/vc_column][vc_column width=&#8221;1\/3&#8243; offset=&#8221;vc_col-lg-offset-0 vc_col-md-offset-0 vc_col-sm-offset-0 vc_col-xs-offset-1 vc_col-xs-3&#8243;][vc_icon icon_fontawesome=&#8221;fa fa-chevron-right&#8221; color=&#8221;sky&#8221; align=&#8221;right&#8221; link=&#8221;url:http%3A%2F%2Fauladeclio.com%2Fauladeclio%2F7-1-la-politica-exterior-y-la-diplomacia-previas-a-la-gran-guerra%2F|title:EP%C3%8DGRAFE%20SIGUIENTE|target:%20_blank|&#8221;][\/vc_column][\/vc_row][vc_row][vc_column][vc_column_text]<span style=\"font-size: 18pt;\"><strong>EN EL PRESENTE TEMA VEREMOS LOS SIGUIENTES EP\u00cdGRAFES:<\/strong><\/span>[\/vc_column_text][\/vc_column][\/vc_row][vc_row][vc_column][vc_separator][vc_custom_heading text=&#8221;7.1 La Gran Guerra. Diplomacia previa y causas de su estallido&#8221; google_fonts=&#8221;font_family:Ubuntu%3A300%2C300italic%2Cregular%2Citalic%2C500%2C500italic%2C700%2C700italic|font_style:400%20regular%3A400%3Anormal&#8221; link=&#8221;url:http%3A%2F%2Fauladeclio.com%2Fauladeclio%2F7-1-la-politica-exterior-y-la-diplomacia-previas-a-la-gran-guerra%2F||target:%20_blank|&#8221;][vc_custom_heading text=&#8221;7.2 La Gran Guerra. Desarrollo y consecuencias&#8221; google_fonts=&#8221;font_family:Ubuntu%3A300%2C300italic%2Cregular%2Citalic%2C500%2C500italic%2C700%2C700italic|font_style:400%20regular%3A400%3Anormal&#8221; link=&#8221;url:http%3A%2F%2Fauladeclio.com%2Fauladeclio%2F7-2-la-gran-guerra-causas-inmediatas-desarrollo-y-consecuencias%2F||target:%20_blank|&#8221;][vc_custom_heading text=&#8221;7.3 La Rusia zarista&#8221; google_fonts=&#8221;font_family:Ubuntu%3A300%2C300italic%2Cregular%2Citalic%2C500%2C500italic%2C700%2C700italic|font_style:400%20regular%3A400%3Anormal&#8221; link=&#8221;url:http%3A%2F%2Fauladeclio.com%2Fauladeclio%2F7-3-la-rusia-zarista%2F||target:%20_blank|&#8221;][vc_custom_heading text=&#8221;7.4 Las revoluciones rusas&#8221; google_fonts=&#8221;font_family:Ubuntu%3A300%2C300italic%2Cregular%2Citalic%2C500%2C500italic%2C700%2C700italic|font_style:400%20regular%3A400%3Anormal&#8221; link=&#8221;url:http%3A%2F%2Fauladeclio.com%2Fauladeclio%2F7-4-las-revoluciones-rusas%2F||target:%20_blank|&#8221;][vc_custom_heading text=&#8221;7.5 La guerra civil rusa y la creaci\u00f3n de la URSS&#8221; google_fonts=&#8221;font_family:Ubuntu%3A300%2C300italic%2Cregular%2Citalic%2C500%2C500italic%2C700%2C700italic|font_style:400%20regular%3A400%3Anormal&#8221; link=&#8221;url:http%3A%2F%2Fauladeclio.com%2Fauladeclio%2F7-5-la-guerra-civil-rusa-y-la-creacion-de-la-urss%2F||target:%20_blank|&#8221;][\/vc_column][\/vc_row][vc_row][vc_column][vc_btn title=&#8221;DESCARGA EL TEMA EN PDF&#8221; shape=&#8221;square&#8221; color=&#8221;pink&#8221; align=&#8221;center&#8221; i_icon_fontawesome=&#8221;fa fa-file-pdf-o&#8221; button_block=&#8221;true&#8221; add_icon=&#8221;true&#8221; link=&#8221;url:https%3A%2F%2Fdrive.google.com%2Ffile%2Fd%2F0B2RIZTHRMHvaYVFwNVRXSG5WTjQ%2Fview%3Fusp%3Dsharing|title:DESCARGA%20EL%20TEMA%20EN%20PDF||&#8221;][vc_btn title=&#8221;DESCARGA EL CUADERNO DE ACTIVIDADES EN .DOCX&#8221; shape=&#8221;square&#8221; color=&#8221;primary&#8221; align=&#8221;center&#8221; i_icon_fontawesome=&#8221;&#8221; button_block=&#8221;true&#8221; add_icon=&#8221;true&#8221; link=&#8221;url:https%3A%2F%2F1drv.ms%2Fw%2Fs!Ao1W-z3Sn3gdgrIhxoNeAMrSXhOcXA%3Fe%3DEgx5nN|title:DESCARGA%20EL%20TEMA%20EN%20PDF|target:_blank&#8221;][vc_separator][vc_wp_text]LA GRAN GUERRA<\/p>\n<p>Se ha dicho que Europa se extravi\u00f3 en alguna parte, antes de 1914. El 3 de agosto de 1914, Grey Eduard, ministro de Asuntos Exteriores de Reino Unido, dec\u00eda: &#8220;<em>Las luces se han apagado en toda Europa; no volveremos a verlas encendidas antes de morir<\/em>&#8220;. Era la noche en que Alemania y Reino Unido entraron en guerra.<\/p>\n<div class=\"row\">\n<div class=\"col-lg-4 col-md-12 col-sm-12 col-12\">\n<p style=\"text-align: justify;\"><strong>Quienes eran adultos en 1914 vivieron ese a\u00f1o como el final de una \u00e9poca<\/strong>; los historiadores actuales lo consideran de la misma forma. Cuando comenz\u00f3 la Gran Guerra, <strong>hac\u00eda un siglo<\/strong> (desde las guerras napole\u00f3nicas) <strong>que Europa no hab\u00eda vivido una guerra importante<\/strong> en la que intervinieran todas o la mayor\u00eda de las grandes potencias y, desde luego, nunca se hab\u00eda producido una guerra mundial.<\/p>\n<p style=\"text-align: justify;\">Incluso cuando ya todos aceptaban que habr\u00eda guerra, nadie dudaba de que iba a ser corta; los contendientes estaban convencidos de que celebrar\u00edan la victoria por Navidad en casa. <strong>Nadie imaginaba entonces que este conflicto ser\u00eda mortal para tres monarqu\u00edas y veinte millones de personas, que afectar\u00eda gravemente a la poblaci\u00f3n civil, que transformar\u00eda pa\u00edses y mover\u00eda fronteras.<\/strong><\/p>\n<p style=\"text-align: justify;\">Salvo una minor\u00eda de pol\u00edticos y estrategas militares, nadie pod\u00eda prever lo destructiva que podr\u00eda llegar a ser la guerra.<\/p>\n<\/div>\n<div class=\"col-lg-8 col-md-12 col-sm-12 col-12\">\n<div class=\"embed-responsive embed-responsive-16by9\"><iframe loading=\"lazy\" src=\"https:\/\/drive.google.com\/file\/d\/1dJLhCM_JoAKr-El2oM2JaMnFiN6Iz4wb\/preview\" width=\"700\" height=\"380\" class=\"embed-responsive-item\"><\/iframe><\/div>\n<p style=\"text-align: center;\"><span style=\"font-size: 10pt;\">DOCUMENTAL DE PETER JACKSON (DIRECTOR DEL SE\u00d1OR DE LOS ANILLOS Y EL HOBBIT) EN EL QUE RESCATA TESTIMONIOS REALES DE SOLDADOS BRIT\u00c1NICOS QUE COMBATIERON EN LA GRAN GUERRA, ILUSTRADOS CON IM\u00c1GENES REALES MODIFICADAS CON COLOR Y EFECTOS 3D, ADEM\u00c1S DE CON EFECTOS SONOROS Y CONVERSACIONES RECREADAS POR ESPECIALISTAS EN LEER LOS LABIOS<\/span><\/p>\n<\/div>\n<\/div>1914 inaugur\u00f3 \u00abla era de las matanzas\u00bb; la dimensi\u00f3n de las guerras del siglo XX ser\u00e1 infinitamente mayor que la de los conflictos anteriores, la tecnolog\u00eda de la muerte adquir\u00eda proporciones insospechadas.<\/p>\n<p>La guerra involucr\u00f3 a toda la poblaci\u00f3n; la econom\u00eda, la vida cotidiana, la mentalidad, se pusieron al servicio de la guerra y este hecho, de por s\u00ed novedoso, implic\u00f3 otras transformaciones. Con los hombres en el frente, las mujeres se ocuparon de la producci\u00f3n y los servicios; la gesti\u00f3n de la guerra exigi\u00f3 un gran protagonismo del Estado. Adem\u00e1s,<strong> la guerra acarre\u00f3 una oleada de rebeli\u00f3n y revoluci\u00f3n generalizadas; el triunfo de los bolcheviques en Rusia (1917) enfrent\u00f3 a quienes aspiraban a una nueva sociedad con los que tem\u00edan la revoluci\u00f3n social.<\/strong><\/p>\n<p>En definitiva,<strong> la Primera Guerra Mundial derrumb\u00f3 la civilizaci\u00f3n occidental tal como se hab\u00eda construido durante el siglo XIX<\/strong>. En 1914 Europa gozaba de la hegemon\u00eda mundial. Era reconocida como la regi\u00f3n m\u00e1s din\u00e1mica del planeta y estaba profundamente convencida de su posici\u00f3n central como cuna de la revoluci\u00f3n cient\u00edfica, art\u00edstica, pol\u00edtica e industrial; su econom\u00eda dominaba gran parte del mundo, conquistado por sus ej\u00e9rcitos; la poblaci\u00f3n de origen europeo (incluidos los descendientes de los emigrantes) constitu\u00eda una tercera parte de la raza humana; sus principales Estados constitu\u00edan el sistema pol\u00edtico mundial. La guerra inici\u00f3 el declive del viejo continente.<\/p>\n<p><strong>Antes de la conflagraci\u00f3n se viv\u00eda en un ambiente de general optimismo<\/strong>, pero 1914 fue el comienzo de la \u00ab\u00e9poca de cat\u00e1strofes\u00bb, que acab\u00f3 por transformar radicalmente la vida de casi todos los seres humanos y que se prolong\u00f3 hasta el fin de la Segunda Guerra Mundial.<\/p>\n<p><strong>En la posguerra se quebr\u00f3 la creencia en el progreso indefinido<\/strong> y, s\u00fabitamente, la civilizaci\u00f3n occidental descubri\u00f3 que no ten\u00eda m\u00e1s valores a los que recurrir; <strong>el desprecio por la vida humana que marc\u00f3 la contienda, la bancarrota, el agotamiento material, la amenaza revolucionaria y una paz de venganza<\/strong> hicieron reflexionara muchos sobre la profunda perturbaci\u00f3n espiritual que se hab\u00eda producido; pero, a los m\u00e1s, los<strong> dej\u00f3 desorientados y humanamente inermes ante los nuevos abismos de guerra y degradaci\u00f3n que se avecinaban.<\/strong><\/p>\n<p><a href=\"https:\/\/auladeclio.com\/auladeclio\/wp-content\/uploads\/2020\/05\/COMBATIENTES-DE-LA-I\u00aa-GUERRA-MUNDIAL-CON-AMETRALLADORES-Y-M\u00c1SCARAS-DE-GAS.jpg\"><img loading=\"lazy\" decoding=\"async\" class=\"aligncenter size-full wp-image-7168\" src=\"https:\/\/auladeclio.com\/auladeclio\/wp-content\/uploads\/2020\/05\/COMBATIENTES-DE-LA-I\u00aa-GUERRA-MUNDIAL-CON-AMETRALLADORES-Y-M\u00c1SCARAS-DE-GAS.jpg\" alt=\"\" width=\"1237\" height=\"480\" srcset=\"https:\/\/auladeclio.com\/auladeclio\/wp-content\/uploads\/2020\/05\/COMBATIENTES-DE-LA-I\u00aa-GUERRA-MUNDIAL-CON-AMETRALLADORES-Y-M\u00c1SCARAS-DE-GAS.jpg 1237w, https:\/\/auladeclio.com\/auladeclio\/wp-content\/uploads\/2020\/05\/COMBATIENTES-DE-LA-I\u00aa-GUERRA-MUNDIAL-CON-AMETRALLADORES-Y-M\u00c1SCARAS-DE-GAS-300x116.jpg 300w, https:\/\/auladeclio.com\/auladeclio\/wp-content\/uploads\/2020\/05\/COMBATIENTES-DE-LA-I\u00aa-GUERRA-MUNDIAL-CON-AMETRALLADORES-Y-M\u00c1SCARAS-DE-GAS-1024x397.jpg 1024w, https:\/\/auladeclio.com\/auladeclio\/wp-content\/uploads\/2020\/05\/COMBATIENTES-DE-LA-I\u00aa-GUERRA-MUNDIAL-CON-AMETRALLADORES-Y-M\u00c1SCARAS-DE-GAS-768x298.jpg 768w\" sizes=\"auto, (max-width: 1237px) 100vw, 1237px\" \/><\/a><\/p>\n<p>&nbsp;<\/p>\n<p>LA REVOLUCI\u00d3N RUSA<\/p>\n<p>Probablemente existen sentimientos comunes a los nombres y mujeres de todas las generaciones, probablemente en cada generaci\u00f3n, muchos hombres y mujeres que han vivido una vida de sufrimientos y penurias han so\u00f1ado con un gran cambio que pusiera el mundo al rev\u00e9s. Probablemente t\u00fa mismo lo has so\u00f1ado alguna vez. Pero son <strong>muy pocas las generaciones que han podido presenciar una verdadera revoluci\u00f3n<\/strong>, es decir, <strong>un cambio que haya dado la vuelta a las bases del pensamiento, del arte, de la econom\u00eda, de la sociedad y de la pol\u00edtica para decenas de millones de seres humanos.<\/strong><\/p>\n<p>Desde el siglo XVIII hasta hoy se han producido dos cambios de tal magnitud: la Revoluci\u00f3n francesa y la Revoluci\u00f3n rusa, que estudiaremos a continuaci\u00f3n.<\/p>\n<p>La primera &#8220;guerra total&#8221; que hab\u00eda conocido el mundo fue la de 1914 a 1918, en la que hubo millones de muertos y mutilados, enviados a casa desde los frentes y masas de mujeres y ni\u00f1os hambrientos en retaguardia, as\u00ed como incontables desgracias para todas las naciones de Europa.<\/p>\n<p>Bajo el peso de aquella guerra muchos creyeron que el viejo mundo se hundir\u00eda para siempre. \u00bfQu\u00e9 vendr\u00eda despu\u00e9s? La vieja doctrina socialista afirmaba que la ca\u00edda del capitalismo y la llegada del socialismo eran inevitables. Los partidos socialistas hab\u00edan crecido en toda Europa y las circunstancias parec\u00edan darles la raz\u00f3n a los socialistas revolucionarios que se hab\u00edan opuesto a la guerra desde el principio.<\/p>\n<p>Por todas partes crec\u00eda la conspiraci\u00f3n. Desde la ilegalidad, <strong>los socialistas revolucionarios preparaban la revoluci\u00f3n mundial que, seg\u00fan las predicciones de Karl Marx, empezar\u00eda en Alemania.<\/strong> A la espera de recibir una se\u00f1al para el levantamiento, miles de militantes se encargaban de tenerlo todo dispuesto para el momento crucial en que naciera el nuevo mundo.<\/p>\n<p>Pues bien, <strong>la Revoluci\u00f3n rusa de octubre de 1917 envi\u00f3 la esperada se\u00f1al<\/strong>. Se hizo la revoluci\u00f3n socialista en Rusia y <strong>se origin\u00f3 adem\u00e1s el movimiento revolucionario de mayor alcance de toda la Historia contempor\u00e1nea<\/strong>. Seg\u00fan el historiador Hobsbawm: &#8220;<em>Su expansi\u00f3n mundial no tiene parang\u00f3n desde las conquistas del Islam en su primer siglo de existencia<\/em>&#8220;. Apenas<strong> cuarenta a\u00f1os despu\u00e9s de esta revoluci\u00f3n, dos tercios de la humanidad viv\u00eda bajo reg\u00edmenes de tipo socialista<\/strong> y durante muchos a\u00f1os la pol\u00edtica mundial se plante\u00f3 como un enfrentamiento entre dos sistemas sociales antag\u00f3nicos: capitalismo y socialismo.<\/p>\n<p>Aquella revoluci\u00f3n fue la gran esperanza para quienes quer\u00edan cambiar el mundo y fue tambi\u00e9n &#8220;<em>el gran miedo<\/em>&#8221; para quienes tem\u00edan que toda aquella marea sepultara el orden establecido y acabara por volver el mundo del rev\u00e9s.<\/p>\n<figure id=\"attachment_7169\" class=\"thumbnail wp-caption aligncenter\" style=\"width: 1592px\"><a href=\"https:\/\/auladeclio.com\/auladeclio\/wp-content\/uploads\/2020\/05\/LENIN-ARENGANDO-A-LAS-MASAS-EN-1917.jpg\" target=\"_blank\" rel=\"noopener noreferrer\"><img loading=\"lazy\" decoding=\"async\" class=\"wp-image-7169 size-full\" src=\"https:\/\/auladeclio.com\/auladeclio\/wp-content\/uploads\/2020\/05\/LENIN-ARENGANDO-A-LAS-MASAS-EN-1917.jpg\" alt=\"\" width=\"1582\" height=\"547\" srcset=\"https:\/\/auladeclio.com\/auladeclio\/wp-content\/uploads\/2020\/05\/LENIN-ARENGANDO-A-LAS-MASAS-EN-1917.jpg 1582w, https:\/\/auladeclio.com\/auladeclio\/wp-content\/uploads\/2020\/05\/LENIN-ARENGANDO-A-LAS-MASAS-EN-1917-300x104.jpg 300w, https:\/\/auladeclio.com\/auladeclio\/wp-content\/uploads\/2020\/05\/LENIN-ARENGANDO-A-LAS-MASAS-EN-1917-1024x354.jpg 1024w, https:\/\/auladeclio.com\/auladeclio\/wp-content\/uploads\/2020\/05\/LENIN-ARENGANDO-A-LAS-MASAS-EN-1917-768x266.jpg 768w, https:\/\/auladeclio.com\/auladeclio\/wp-content\/uploads\/2020\/05\/LENIN-ARENGANDO-A-LAS-MASAS-EN-1917-1536x531.jpg 1536w\" sizes=\"auto, (max-width: 1582px) 100vw, 1582px\" \/><\/a><figcaption class=\"caption wp-caption-text\">LENIN ARENGANDO A LAS MASAS EN 1917<\/figcaption><\/figure>\n<p>&nbsp;[\/vc_wp_text][\/vc_column][\/vc_row]\n<\/div>","protected":false},"excerpt":{"rendered":"<p>[vc_row][vc_column width=&#8221;1\/3&#8243; offset=&#8221;vc_col-lg-offset-0 vc_col-md-offset-0 vc_col-sm-offset-0 vc_col-xs-3&#8243;][vc_icon icon_fontawesome=&#8221;fa fa-chevron-left&#8221; color=&#8221;sky&#8221; link=&#8221;url:http%3A%2F%2Fauladeclio.com%2Fauladeclio%2F6-5-la-expansion-colonial-y-sus-consecuencias%2F|title:TEMA%20ANTERIOR|target:%20_blank|&#8221;][\/vc_column][vc_column width=&#8221;1\/3&#8243; offset=&#8221;vc_col-lg-offset-0 vc_col-md-offset-0 vc_col-sm-offset-0 vc_col-xs-offset-1 vc_col-xs-3&#8243;][vc_icon icon_fontawesome=&#8221;fa fa-list&#8221; color=&#8221;white&#8221; align=&#8221;center&#8221; link=&#8221;|title:%C3%8DNDICE%20DE%20EP%C3%8DGRAFES||&#8221;][\/vc_column][vc_column width=&#8221;1\/3&#8243; offset=&#8221;vc_col-lg-offset-0 vc_col-md-offset-0 vc_col-sm-offset-0 vc_col-xs-offset-1 vc_col-xs-3&#8243;][vc_icon icon_fontawesome=&#8221;fa fa-chevron-right&#8221; color=&#8221;sky&#8221; align=&#8221;right&#8221; link=&#8221;url:http%3A%2F%2Fauladeclio.com%2Fauladeclio%2F7-1-la-politica-exterior-y-la-diplomacia-previas-a-la-gran-guerra%2F|title:EP%C3%8DGRAFE%20SIGUIENTE|target:%20_blank|&#8221;][\/vc_column][\/vc_row][vc_row][vc_column][vc_column_text]EN EL PRESENTE TEMA VEREMOS LOS SIGUIENTES EP\u00cdGRAFES:[\/vc_column_text][\/vc_column][\/vc_row][vc_row][vc_column][vc_separator][vc_custom_heading text=&#8221;7.1 La Gran Guerra. Diplomacia previa y causas de su estallido&#8221; google_fonts=&#8221;font_family:Ubuntu%3A300%2C300italic%2Cregular%2Citalic%2C500%2C500italic%2C700%2C700italic|font_style:400%20regular%3A400%3Anormal&#8221; link=&#8221;url:http%3A%2F%2Fauladeclio.com%2Fauladeclio%2F7-1-la-politica-exterior-y-la-diplomacia-previas-a-la-gran-guerra%2F||target:%20_blank|&#8221;][vc_custom_heading text=&#8221;7.2 La Gran [&hellip;]<\/p>\n","protected":false},"author":1,"featured_media":0,"parent":0,"menu_order":0,"comment_status":"closed","ping_status":"closed","template":"","meta":{"nf_dc_page":"","footnotes":""},"categories":[14,13],"tags":[],"class_list":["post-1515","page","type-page","status-publish","hentry","category-1o-de-bachillerato","category-historia-del-mundo-contemporaneo"],"_links":{"self":[{"href":"https:\/\/auladeclio.com\/auladeclio\/wp-json\/wp\/v2\/pages\/1515","targetHints":{"allow":["GET"]}}],"collection":[{"href":"https:\/\/auladeclio.com\/auladeclio\/wp-json\/wp\/v2\/pages"}],"about":[{"href":"https:\/\/auladeclio.com\/auladeclio\/wp-json\/wp\/v2\/types\/page"}],"author":[{"embeddable":true,"href":"https:\/\/auladeclio.com\/auladeclio\/wp-json\/wp\/v2\/users\/1"}],"replies":[{"embeddable":true,"href":"https:\/\/auladeclio.com\/auladeclio\/wp-json\/wp\/v2\/comments?post=1515"}],"version-history":[{"count":6,"href":"https:\/\/auladeclio.com\/auladeclio\/wp-json\/wp\/v2\/pages\/1515\/revisions"}],"predecessor-version":[{"id":9561,"href":"https:\/\/auladeclio.com\/auladeclio\/wp-json\/wp\/v2\/pages\/1515\/revisions\/9561"}],"wp:attachment":[{"href":"https:\/\/auladeclio.com\/auladeclio\/wp-json\/wp\/v2\/media?parent=1515"}],"wp:term":[{"taxonomy":"category","embeddable":true,"href":"https:\/\/auladeclio.com\/auladeclio\/wp-json\/wp\/v2\/categories?post=1515"},{"taxonomy":"post_tag","embeddable":true,"href":"https:\/\/auladeclio.com\/auladeclio\/wp-json\/wp\/v2\/tags?post=1515"}],"curies":[{"name":"wp","href":"https:\/\/api.w.org\/{rel}","templated":true}]}}