{"id":1348,"date":"2017-11-09T18:44:14","date_gmt":"2017-11-09T18:44:14","guid":{"rendered":"http:\/\/auladeclio.com\/auladeclio\/?page_id=1348"},"modified":"2020-12-01T10:09:11","modified_gmt":"2020-12-01T10:09:11","slug":"4-el-nacionalismo-y-las-revoluciones-liberales-1804-1871","status":"publish","type":"page","link":"https:\/\/auladeclio.com\/auladeclio\/4-el-nacionalismo-y-las-revoluciones-liberales-1804-1871\/","title":{"rendered":"4 EL NACIONALISMO Y LAS REVOLUCIONES LIBERALES (1804-1871)"},"content":{"rendered":"<div class=\"wpb-content-wrapper\">[vc_row][vc_column width=&#8221;1\/3&#8243; offset=&#8221;vc_col-lg-offset-0 vc_col-md-offset-0 vc_col-sm-offset-0 vc_col-xs-3&#8243;][vc_icon icon_fontawesome=&#8221;fa fa-chevron-left&#8221; color=&#8221;sky&#8221; link=&#8221;url:http%3A%2F%2Fauladeclio.com%2Fauladeclio%2F3-el-fin-del-antiguo-regimen-1776-1804%2F|title:TEMA%20ANTERIOR|target:%20_blank|&#8221;][\/vc_column][vc_column width=&#8221;1\/3&#8243; offset=&#8221;vc_col-lg-offset-0 vc_col-md-offset-0 vc_col-sm-offset-0 vc_col-xs-offset-1 vc_col-xs-3&#8243;][vc_icon icon_fontawesome=&#8221;fa fa-list&#8221; color=&#8221;white&#8221; align=&#8221;center&#8221; link=&#8221;|title:%C3%8DNDICE%20DE%20EP%C3%8DGRAFES||&#8221;][\/vc_column][vc_column width=&#8221;1\/3&#8243; offset=&#8221;vc_col-lg-offset-0 vc_col-md-offset-0 vc_col-sm-offset-0 vc_col-xs-offset-1 vc_col-xs-3&#8243;][vc_icon icon_fontawesome=&#8221;fa fa-chevron-right&#8221; color=&#8221;sky&#8221; align=&#8221;right&#8221; link=&#8221;url:http%3A%2F%2Fauladeclio.com%2Fauladeclio%2F4-1-el-principio-del-fin-el-imperio-napoleonico%2F|title:EP%C3%8DGRAFE%20SIGUIENTE||&#8221;][\/vc_column][\/vc_row][vc_row][vc_column][vc_column_text]<span style=\"font-size: 18pt;\"><strong>EN EL PRESENTE TEMA VEREMOS LOS SIGUIENTES EP\u00cdGRAFES:<\/strong><\/span>[\/vc_column_text][\/vc_column][\/vc_row][vc_row][vc_column][vc_separator][vc_custom_heading text=&#8221;4.1 El principio del fin: el Imperio napole\u00f3nico&#8221; google_fonts=&#8221;font_family:Ubuntu%3A300%2C300italic%2Cregular%2Citalic%2C500%2C500italic%2C700%2C700italic|font_style:400%20regular%3A400%3Anormal&#8221; link=&#8221;url:http%3A%2F%2Fauladeclio.com%2Fauladeclio%2F4-1-el-principio-del-fin-el-imperio-napoleonico%2F||target:%20_blank|&#8221;][vc_custom_heading text=&#8221;4.2 La restauraci\u00f3n absolutista: el Congreso de Viena&#8221; google_fonts=&#8221;font_family:Ubuntu%3A300%2C300italic%2Cregular%2Citalic%2C500%2C500italic%2C700%2C700italic|font_style:400%20regular%3A400%3Anormal&#8221; link=&#8221;url:http%3A%2F%2Fauladeclio.com%2Fauladeclio%2F4-2-la-restauracion-absolutista-el-congreso-de-viena%2F||target:%20_blank|&#8221;][vc_custom_heading text=&#8221;4.3 El nacionalismo. El fin de la Revoluci\u00f3n&#8221; google_fonts=&#8221;font_family:Ubuntu%3A300%2C300italic%2Cregular%2Citalic%2C500%2C500italic%2C700%2C700italic|font_style:400%20regular%3A400%3Anormal&#8221; link=&#8221;url:http%3A%2F%2Fauladeclio.com%2Fauladeclio%2F4-3-el-nacionalismo-el-fin-de-la-revolucion%2F||target:%20_blank|&#8221;][vc_custom_heading text=&#8221;4.4 Las revoluciones burguesas de 1820, 1830 y 1848&#8243; google_fonts=&#8221;font_family:Ubuntu%3A300%2C300italic%2Cregular%2Citalic%2C500%2C500italic%2C700%2C700italic|font_style:400%20regular%3A400%3Anormal&#8221; link=&#8221;url:http%3A%2F%2Fauladeclio.com%2Fauladeclio%2F4-4-las-revoluciones-burguesas-de-1820-1830-y-1848%2F||target:%20_blank|&#8221;][vc_custom_heading text=&#8221;4.5 Las unificaciones de Italia y Alemania&#8221; google_fonts=&#8221;font_family:Ubuntu%3A300%2C300italic%2Cregular%2Citalic%2C500%2C500italic%2C700%2C700italic|font_style:400%20regular%3A400%3Anormal&#8221; link=&#8221;url:http%3A%2F%2Fauladeclio.com%2Fauladeclio%2F4-5-las-unificaciones-de-italia-y-alemania%2F||target:%20_blank|&#8221;][vc_custom_heading text=&#8221;4.6 El arte de la Revoluci\u00f3n: del neoclasicismo al romanticismo&#8221; google_fonts=&#8221;font_family:Ubuntu%3A300%2C300italic%2Cregular%2Citalic%2C500%2C500italic%2C700%2C700italic|font_style:400%20regular%3A400%3Anormal&#8221; link=&#8221;url:http%3A%2F%2Fauladeclio.com%2Fauladeclio%2F4-6-el-arte-de-la-revolucion-del-neoclasicismo-al-romanticismo%2F||target:%20_blank|&#8221;][\/vc_column][\/vc_row][vc_row][vc_column][vc_btn title=&#8221;DESCARGA EL TEMA EN PDF&#8221; shape=&#8221;square&#8221; color=&#8221;pink&#8221; align=&#8221;center&#8221; i_icon_fontawesome=&#8221;fa fa-file-pdf-o&#8221; button_block=&#8221;true&#8221; add_icon=&#8221;true&#8221; link=&#8221;url:https%3A%2F%2F1drv.ms%2Fw%2Fs!Ao1W-z3Sn3gdgf9kAOuYLRXaAwUPpA|title:DESCARGA%20EL%20TEMA%20EN%20PDF|target:%20_blank|&#8221;][vc_btn title=&#8221;DESCARGA EL CUADERNO DE ACTIVIDADES EN .DOCX&#8221; shape=&#8221;square&#8221; color=&#8221;primary&#8221; align=&#8221;center&#8221; i_icon_fontawesome=&#8221;fa fa-file-word-o&#8221; button_block=&#8221;true&#8221; add_icon=&#8221;true&#8221; link=&#8221;url:https%3A%2F%2F1drv.ms%2Fw%2Fs!Ao1W-z3Sn3gdgf9JExwMMrU9e2OQnQ|title:DESCARGA%20EL%20TEMA%20EN%20PDF|target:%20_blank|&#8221;][vc_separator][vc_cta h2=&#8221;EL NACIONALISMO Y EL LIBERALISMO TRIUNFAR\u00c1N EN EUROPA TRAS LA DERROTA DE NAPOLE\u00d3N&#8221; h4=&#8221;CURIOSAMENTE, SER\u00cdA LA EXPANSI\u00d3N NAPOLE\u00d3NICA LA RESPONSABLE DE LA EXPANSI\u00d3N DEL LIBERALISMO Y DEL DESPERTAR DE LOS SENTIMIENTOS NACIONALES&#8221;]\n<p style=\"text-align: justify;\">El Imperio napole\u00f3nico supuso el despertar de sentimientos nacionales que hasta ese momento se circunscrib\u00edan a peque\u00f1as \u00e9lites, a su vez supondr\u00e1 la dispersi\u00f3n de parte de las ideas de la Revoluci\u00f3n.<\/p>\n<p style=\"text-align: justify;\">El Congreso de Viena intentar\u00e1 poner fin a las ideas revolucionarias, pero ya en 1820 tendr\u00e1n lugar los primeros conatos para intentar poner en pr\u00e1ctica nuevamente las ideas de la Revoluci\u00f3n, no ser\u00e1 hasta 1830 y 1848 cuando finalmente el Antiguo R\u00e9gimen quede relegado a unos pocos pa\u00edses europeos y el liberalismo y y el nacionalismo triunfen, pero encorsetando las ideas revolucionarias y aupando al poder a la burgues\u00eda que r\u00e1pidamente se olvidar\u00e1 de su compa\u00f1ero de viaje en la lucha: los sectores m\u00e1s desfavorecidos del Tercer Estado.<\/p>\n[\/vc_cta][vc_gallery interval=&#8221;3&#8243; images=&#8221;1853,1852,1855,1849,1850,1854&#8243; img_size=&#8221;large&#8221;][\/vc_column][\/vc_row]\n<\/div>","protected":false},"excerpt":{"rendered":"<p>[vc_row][vc_column width=&#8221;1\/3&#8243; offset=&#8221;vc_col-lg-offset-0 vc_col-md-offset-0 vc_col-sm-offset-0 vc_col-xs-3&#8243;][vc_icon icon_fontawesome=&#8221;fa fa-chevron-left&#8221; color=&#8221;sky&#8221; link=&#8221;url:http%3A%2F%2Fauladeclio.com%2Fauladeclio%2F3-el-fin-del-antiguo-regimen-1776-1804%2F|title:TEMA%20ANTERIOR|target:%20_blank|&#8221;][\/vc_column][vc_column width=&#8221;1\/3&#8243; offset=&#8221;vc_col-lg-offset-0 vc_col-md-offset-0 vc_col-sm-offset-0 vc_col-xs-offset-1 vc_col-xs-3&#8243;][vc_icon icon_fontawesome=&#8221;fa fa-list&#8221; color=&#8221;white&#8221; align=&#8221;center&#8221; link=&#8221;|title:%C3%8DNDICE%20DE%20EP%C3%8DGRAFES||&#8221;][\/vc_column][vc_column width=&#8221;1\/3&#8243; offset=&#8221;vc_col-lg-offset-0 vc_col-md-offset-0 vc_col-sm-offset-0 vc_col-xs-offset-1 vc_col-xs-3&#8243;][vc_icon icon_fontawesome=&#8221;fa fa-chevron-right&#8221; color=&#8221;sky&#8221; align=&#8221;right&#8221; link=&#8221;url:http%3A%2F%2Fauladeclio.com%2Fauladeclio%2F4-1-el-principio-del-fin-el-imperio-napoleonico%2F|title:EP%C3%8DGRAFE%20SIGUIENTE||&#8221;][\/vc_column][\/vc_row][vc_row][vc_column][vc_column_text]EN EL PRESENTE TEMA VEREMOS LOS SIGUIENTES EP\u00cdGRAFES:[\/vc_column_text][\/vc_column][\/vc_row][vc_row][vc_column][vc_separator][vc_custom_heading text=&#8221;4.1 El principio del fin: el Imperio napole\u00f3nico&#8221; google_fonts=&#8221;font_family:Ubuntu%3A300%2C300italic%2Cregular%2Citalic%2C500%2C500italic%2C700%2C700italic|font_style:400%20regular%3A400%3Anormal&#8221; link=&#8221;url:http%3A%2F%2Fauladeclio.com%2Fauladeclio%2F4-1-el-principio-del-fin-el-imperio-napoleonico%2F||target:%20_blank|&#8221;][vc_custom_heading text=&#8221;4.2 La restauraci\u00f3n absolutista: el Congreso [&hellip;]<\/p>\n","protected":false},"author":1,"featured_media":0,"parent":0,"menu_order":0,"comment_status":"closed","ping_status":"closed","template":"","meta":{"nf_dc_page":"","footnotes":""},"categories":[14,13],"tags":[],"class_list":["post-1348","page","type-page","status-publish","hentry","category-1o-de-bachillerato","category-historia-del-mundo-contemporaneo"],"_links":{"self":[{"href":"https:\/\/auladeclio.com\/auladeclio\/wp-json\/wp\/v2\/pages\/1348","targetHints":{"allow":["GET"]}}],"collection":[{"href":"https:\/\/auladeclio.com\/auladeclio\/wp-json\/wp\/v2\/pages"}],"about":[{"href":"https:\/\/auladeclio.com\/auladeclio\/wp-json\/wp\/v2\/types\/page"}],"author":[{"embeddable":true,"href":"https:\/\/auladeclio.com\/auladeclio\/wp-json\/wp\/v2\/users\/1"}],"replies":[{"embeddable":true,"href":"https:\/\/auladeclio.com\/auladeclio\/wp-json\/wp\/v2\/comments?post=1348"}],"version-history":[{"count":4,"href":"https:\/\/auladeclio.com\/auladeclio\/wp-json\/wp\/v2\/pages\/1348\/revisions"}],"predecessor-version":[{"id":7834,"href":"https:\/\/auladeclio.com\/auladeclio\/wp-json\/wp\/v2\/pages\/1348\/revisions\/7834"}],"wp:attachment":[{"href":"https:\/\/auladeclio.com\/auladeclio\/wp-json\/wp\/v2\/media?parent=1348"}],"wp:term":[{"taxonomy":"category","embeddable":true,"href":"https:\/\/auladeclio.com\/auladeclio\/wp-json\/wp\/v2\/categories?post=1348"},{"taxonomy":"post_tag","embeddable":true,"href":"https:\/\/auladeclio.com\/auladeclio\/wp-json\/wp\/v2\/tags?post=1348"}],"curies":[{"name":"wp","href":"https:\/\/api.w.org\/{rel}","templated":true}]}}