{"id":5814,"date":"2020-02-07T12:30:25","date_gmt":"2020-02-07T12:30:25","guid":{"rendered":"http:\/\/auladeclio.com\/auladeclio\/wp-content\/uploads\/2020\/02\/DETALLE-DE-UN-DOSELETE-EN-EL-P\u00d3RTICO-CENTRAL-FACHADA-SUR-DE-LA-CATEDRAL-DE-LE\u00d3N-MAESTRO-ENRIQUE-ss.-XIII-XIV.jpg"},"modified":"2020-02-07T12:38:10","modified_gmt":"2020-02-07T12:38:10","slug":"detalle-de-un-doselete-en-el-portico-central-fachada-sur-de-la-catedral-de-leon-maestro-enrique-ss-xiii-xiv","status":"inherit","type":"attachment","link":"https:\/\/auladeclio.com\/auladeclio\/comentarioobraarquitectonica\/detalle-de-un-doselete-en-el-portico-central-fachada-sur-de-la-catedral-de-leon-maestro-enrique-ss-xiii-xiv\/","title":{"rendered":"DETALLE DE UN DOSELETE EN EL P\u00d3RTICO CENTRAL FACHADA SUR DE LA CATEDRAL DE LE\u00d3N MAESTRO ENRIQUE (ss. XIII-XIV)"},"author":1,"featured_media":0,"comment_status":"open","ping_status":"closed","template":"","meta":{"nf_dc_page":""},"foogallery_attachment_category":[],"class_list":["post-5814","attachment","type-attachment","status-inherit","hentry"],"description":{"rendered":"<p class=\"attachment\"><a href='https:\/\/auladeclio.com\/auladeclio\/wp-content\/uploads\/2020\/02\/DETALLE-DE-UN-DOSELETE-EN-EL-P\u00d3RTICO-CENTRAL-FACHADA-SUR-DE-LA-CATEDRAL-DE-LE\u00d3N-MAESTRO-ENRIQUE-ss.-XIII-XIV.jpg'><img loading=\"lazy\" decoding=\"async\" width=\"251\" height=\"300\" src=\"https:\/\/auladeclio.com\/auladeclio\/wp-content\/uploads\/2020\/02\/DETALLE-DE-UN-DOSELETE-EN-EL-P\u00d3RTICO-CENTRAL-FACHADA-SUR-DE-LA-CATEDRAL-DE-LE\u00d3N-MAESTRO-ENRIQUE-ss.-XIII-XIV-251x300.jpg\" class=\"attachment-medium size-medium\" alt=\"\" srcset=\"https:\/\/auladeclio.com\/auladeclio\/wp-content\/uploads\/2020\/02\/DETALLE-DE-UN-DOSELETE-EN-EL-P\u00d3RTICO-CENTRAL-FACHADA-SUR-DE-LA-CATEDRAL-DE-LE\u00d3N-MAESTRO-ENRIQUE-ss.-XIII-XIV-251x300.jpg 251w, https:\/\/auladeclio.com\/auladeclio\/wp-content\/uploads\/2020\/02\/DETALLE-DE-UN-DOSELETE-EN-EL-P\u00d3RTICO-CENTRAL-FACHADA-SUR-DE-LA-CATEDRAL-DE-LE\u00d3N-MAESTRO-ENRIQUE-ss.-XIII-XIV-858x1024.jpg 858w, https:\/\/auladeclio.com\/auladeclio\/wp-content\/uploads\/2020\/02\/DETALLE-DE-UN-DOSELETE-EN-EL-P\u00d3RTICO-CENTRAL-FACHADA-SUR-DE-LA-CATEDRAL-DE-LE\u00d3N-MAESTRO-ENRIQUE-ss.-XIII-XIV-768x917.jpg 768w, https:\/\/auladeclio.com\/auladeclio\/wp-content\/uploads\/2020\/02\/DETALLE-DE-UN-DOSELETE-EN-EL-P\u00d3RTICO-CENTRAL-FACHADA-SUR-DE-LA-CATEDRAL-DE-LE\u00d3N-MAESTRO-ENRIQUE-ss.-XIII-XIV-1287x1536.jpg 1287w, https:\/\/auladeclio.com\/auladeclio\/wp-content\/uploads\/2020\/02\/DETALLE-DE-UN-DOSELETE-EN-EL-P\u00d3RTICO-CENTRAL-FACHADA-SUR-DE-LA-CATEDRAL-DE-LE\u00d3N-MAESTRO-ENRIQUE-ss.-XIII-XIV.jpg 1528w\" sizes=\"auto, (max-width: 251px) 100vw, 251px\" \/><\/a><\/p>\n"},"caption":{"rendered":"<p>DETALLE DE UN DOSELETE EN EL P\u00d3RTICO CENTRAL FACHADA SUR DE LA CATEDRAL DE LE\u00d3N MAESTRO ENRIQUE (ss. XIII-XIV)<\/p>\n"},"alt_text":"","media_type":"image","mime_type":"image\/jpeg","media_details":{"width":1528,"height":1824,"file":"2020\/02\/DETALLE-DE-UN-DOSELETE-EN-EL-P\u00d3RTICO-CENTRAL-FACHADA-SUR-DE-LA-CATEDRAL-DE-LE\u00d3N-MAESTRO-ENRIQUE-ss.-XIII-XIV.jpg","sizes":{"medium":{"file":"DETALLE-DE-UN-DOSELETE-EN-EL-P\u00d3RTICO-CENTRAL-FACHADA-SUR-DE-LA-CATEDRAL-DE-LE\u00d3N-MAESTRO-ENRIQUE-ss.-XIII-XIV-251x300.jpg","width":251,"height":300,"mime_type":"image\/jpeg","source_url":"https:\/\/auladeclio.com\/auladeclio\/wp-content\/uploads\/2020\/02\/DETALLE-DE-UN-DOSELETE-EN-EL-P\u00d3RTICO-CENTRAL-FACHADA-SUR-DE-LA-CATEDRAL-DE-LE\u00d3N-MAESTRO-ENRIQUE-ss.-XIII-XIV-251x300.jpg"},"large":{"file":"DETALLE-DE-UN-DOSELETE-EN-EL-P\u00d3RTICO-CENTRAL-FACHADA-SUR-DE-LA-CATEDRAL-DE-LE\u00d3N-MAESTRO-ENRIQUE-ss.-XIII-XIV-858x1024.jpg","width":858,"height":1024,"mime_type":"image\/jpeg","source_url":"https:\/\/auladeclio.com\/auladeclio\/wp-content\/uploads\/2020\/02\/DETALLE-DE-UN-DOSELETE-EN-EL-P\u00d3RTICO-CENTRAL-FACHADA-SUR-DE-LA-CATEDRAL-DE-LE\u00d3N-MAESTRO-ENRIQUE-ss.-XIII-XIV-858x1024.jpg"},"thumbnail":{"file":"DETALLE-DE-UN-DOSELETE-EN-EL-P\u00d3RTICO-CENTRAL-FACHADA-SUR-DE-LA-CATEDRAL-DE-LE\u00d3N-MAESTRO-ENRIQUE-ss.-XIII-XIV-150x150.jpg","width":150,"height":150,"mime_type":"image\/jpeg","source_url":"https:\/\/auladeclio.com\/auladeclio\/wp-content\/uploads\/2020\/02\/DETALLE-DE-UN-DOSELETE-EN-EL-P\u00d3RTICO-CENTRAL-FACHADA-SUR-DE-LA-CATEDRAL-DE-LE\u00d3N-MAESTRO-ENRIQUE-ss.-XIII-XIV-150x150.jpg"},"medium_large":{"file":"DETALLE-DE-UN-DOSELETE-EN-EL-P\u00d3RTICO-CENTRAL-FACHADA-SUR-DE-LA-CATEDRAL-DE-LE\u00d3N-MAESTRO-ENRIQUE-ss.-XIII-XIV-768x917.jpg","width":768,"height":917,"mime_type":"image\/jpeg","source_url":"https:\/\/auladeclio.com\/auladeclio\/wp-content\/uploads\/2020\/02\/DETALLE-DE-UN-DOSELETE-EN-EL-P\u00d3RTICO-CENTRAL-FACHADA-SUR-DE-LA-CATEDRAL-DE-LE\u00d3N-MAESTRO-ENRIQUE-ss.-XIII-XIV-768x917.jpg"},"1536x1536":{"file":"DETALLE-DE-UN-DOSELETE-EN-EL-P\u00d3RTICO-CENTRAL-FACHADA-SUR-DE-LA-CATEDRAL-DE-LE\u00d3N-MAESTRO-ENRIQUE-ss.-XIII-XIV-1287x1536.jpg","width":1287,"height":1536,"mime_type":"image\/jpeg","source_url":"https:\/\/auladeclio.com\/auladeclio\/wp-content\/uploads\/2020\/02\/DETALLE-DE-UN-DOSELETE-EN-EL-P\u00d3RTICO-CENTRAL-FACHADA-SUR-DE-LA-CATEDRAL-DE-LE\u00d3N-MAESTRO-ENRIQUE-ss.-XIII-XIV-1287x1536.jpg"},"sparkling-featured":{"file":"DETALLE-DE-UN-DOSELETE-EN-EL-P\u00d3RTICO-CENTRAL-FACHADA-SUR-DE-LA-CATEDRAL-DE-LE\u00d3N-MAESTRO-ENRIQUE-ss.-XIII-XIV-750x410.jpg","width":750,"height":410,"mime_type":"image\/jpeg","source_url":"https:\/\/auladeclio.com\/auladeclio\/wp-content\/uploads\/2020\/02\/DETALLE-DE-UN-DOSELETE-EN-EL-P\u00d3RTICO-CENTRAL-FACHADA-SUR-DE-LA-CATEDRAL-DE-LE\u00d3N-MAESTRO-ENRIQUE-ss.-XIII-XIV-750x410.jpg"},"sparkling-featured-fullwidth":{"file":"DETALLE-DE-UN-DOSELETE-EN-EL-P\u00d3RTICO-CENTRAL-FACHADA-SUR-DE-LA-CATEDRAL-DE-LE\u00d3N-MAESTRO-ENRIQUE-ss.-XIII-XIV-1140x624.jpg","width":1140,"height":624,"mime_type":"image\/jpeg","source_url":"https:\/\/auladeclio.com\/auladeclio\/wp-content\/uploads\/2020\/02\/DETALLE-DE-UN-DOSELETE-EN-EL-P\u00d3RTICO-CENTRAL-FACHADA-SUR-DE-LA-CATEDRAL-DE-LE\u00d3N-MAESTRO-ENRIQUE-ss.-XIII-XIV-1140x624.jpg"},"tab-small":{"file":"DETALLE-DE-UN-DOSELETE-EN-EL-P\u00d3RTICO-CENTRAL-FACHADA-SUR-DE-LA-CATEDRAL-DE-LE\u00d3N-MAESTRO-ENRIQUE-ss.-XIII-XIV-60x60.jpg","width":60,"height":60,"mime_type":"image\/jpeg","source_url":"https:\/\/auladeclio.com\/auladeclio\/wp-content\/uploads\/2020\/02\/DETALLE-DE-UN-DOSELETE-EN-EL-P\u00d3RTICO-CENTRAL-FACHADA-SUR-DE-LA-CATEDRAL-DE-LE\u00d3N-MAESTRO-ENRIQUE-ss.-XIII-XIV-60x60.jpg"},"ebs-portfolio-two":{"file":"DETALLE-DE-UN-DOSELETE-EN-EL-P\u00d3RTICO-CENTRAL-FACHADA-SUR-DE-LA-CATEDRAL-DE-LE\u00d3N-MAESTRO-ENRIQUE-ss.-XIII-XIV-569x372.jpg","width":569,"height":372,"mime_type":"image\/jpeg","source_url":"https:\/\/auladeclio.com\/auladeclio\/wp-content\/uploads\/2020\/02\/DETALLE-DE-UN-DOSELETE-EN-EL-P\u00d3RTICO-CENTRAL-FACHADA-SUR-DE-LA-CATEDRAL-DE-LE\u00d3N-MAESTRO-ENRIQUE-ss.-XIII-XIV-569x372.jpg"},"ebs-portfolio-three":{"file":"DETALLE-DE-UN-DOSELETE-EN-EL-P\u00d3RTICO-CENTRAL-FACHADA-SUR-DE-LA-CATEDRAL-DE-LE\u00d3N-MAESTRO-ENRIQUE-ss.-XIII-XIV-369x241.jpg","width":369,"height":241,"mime_type":"image\/jpeg","source_url":"https:\/\/auladeclio.com\/auladeclio\/wp-content\/uploads\/2020\/02\/DETALLE-DE-UN-DOSELETE-EN-EL-P\u00d3RTICO-CENTRAL-FACHADA-SUR-DE-LA-CATEDRAL-DE-LE\u00d3N-MAESTRO-ENRIQUE-ss.-XIII-XIV-369x241.jpg"},"ebs-portfolio-four":{"file":"DETALLE-DE-UN-DOSELETE-EN-EL-P\u00d3RTICO-CENTRAL-FACHADA-SUR-DE-LA-CATEDRAL-DE-LE\u00d3N-MAESTRO-ENRIQUE-ss.-XIII-XIV-269x176.jpg","width":269,"height":176,"mime_type":"image\/jpeg","source_url":"https:\/\/auladeclio.com\/auladeclio\/wp-content\/uploads\/2020\/02\/DETALLE-DE-UN-DOSELETE-EN-EL-P\u00d3RTICO-CENTRAL-FACHADA-SUR-DE-LA-CATEDRAL-DE-LE\u00d3N-MAESTRO-ENRIQUE-ss.-XIII-XIV-269x176.jpg"},"full":{"file":"DETALLE-DE-UN-DOSELETE-EN-EL-P\u00d3RTICO-CENTRAL-FACHADA-SUR-DE-LA-CATEDRAL-DE-LE\u00d3N-MAESTRO-ENRIQUE-ss.-XIII-XIV.jpg","width":1528,"height":1824,"mime_type":"image\/jpeg","source_url":"https:\/\/auladeclio.com\/auladeclio\/wp-content\/uploads\/2020\/02\/DETALLE-DE-UN-DOSELETE-EN-EL-P\u00d3RTICO-CENTRAL-FACHADA-SUR-DE-LA-CATEDRAL-DE-LE\u00d3N-MAESTRO-ENRIQUE-ss.-XIII-XIV.jpg"}},"image_meta":{"aperture":"0","credit":"","camera":"","caption":"","created_timestamp":"0","copyright":"","focal_length":"0","iso":"0","shutter_speed":"0","title":"","orientation":"0","keywords":[]}},"post":5311,"source_url":"https:\/\/auladeclio.com\/auladeclio\/wp-content\/uploads\/2020\/02\/DETALLE-DE-UN-DOSELETE-EN-EL-P\u00d3RTICO-CENTRAL-FACHADA-SUR-DE-LA-CATEDRAL-DE-LE\u00d3N-MAESTRO-ENRIQUE-ss.-XIII-XIV.jpg","_links":{"self":[{"href":"https:\/\/auladeclio.com\/auladeclio\/wp-json\/wp\/v2\/media\/5814","targetHints":{"allow":["GET"]}}],"collection":[{"href":"https:\/\/auladeclio.com\/auladeclio\/wp-json\/wp\/v2\/media"}],"about":[{"href":"https:\/\/auladeclio.com\/auladeclio\/wp-json\/wp\/v2\/types\/attachment"}],"author":[{"embeddable":true,"href":"https:\/\/auladeclio.com\/auladeclio\/wp-json\/wp\/v2\/users\/1"}],"replies":[{"embeddable":true,"href":"https:\/\/auladeclio.com\/auladeclio\/wp-json\/wp\/v2\/comments?post=5814"}],"wp:term":[{"taxonomy":"foogallery_attachment_category","embeddable":true,"href":"https:\/\/auladeclio.com\/auladeclio\/wp-json\/wp\/v2\/foogallery_attachment_category?post=5814"}],"wp:attached-to":[{"embeddable":true,"post_type":"page","id":5311,"href":"https:\/\/auladeclio.com\/auladeclio\/wp-json\/wp\/v2\/pages\/5311"}],"curies":[{"name":"wp","href":"https:\/\/api.w.org\/{rel}","templated":true}]}}

http://auladeclio.com/auladeclio/wp-content/uploads/2020/02/DETALLE-DE-UN-DOSELETE-EN-EL-PÓRTICO-CENTRAL-FACHADA-SUR-DE-LA-CATEDRAL-DE-LEÓN-MAESTRO-ENRIQUE-ss.-XIII-XIV.jpg

DETALLE DE UN DOSELETE EN EL PÓRTICO CENTRAL FACHADA SUR DE LA CATEDRAL DE LEÓN MAESTRO ENRIQUE (ss. XIII-XIV)

<p class="attachment"><a href='https://auladeclio.com/auladeclio/wp-content/uploads/2020/02/DETALLE-DE-UN-DOSELETE-EN-EL-PÓRTICO-CENTRAL-FACHADA-SUR-DE-LA-CATEDRAL-DE-LEÓN-MAESTRO-ENRIQUE-ss.-XIII-XIV.jpg'><img loading="lazy" decoding="async" width="251" height="300" src="https://auladeclio.com/auladeclio/wp-content/uploads/2020/02/DETALLE-DE-UN-DOSELETE-EN-EL-PÓRTICO-CENTRAL-FACHADA-SUR-DE-LA-CATEDRAL-DE-LEÓN-MAESTRO-ENRIQUE-ss.-XIII-XIV-251x300.jpg" class="attachment-medium size-medium" alt="" srcset="https://auladeclio.com/auladeclio/wp-content/uploads/2020/02/DETALLE-DE-UN-DOSELETE-EN-EL-PÓRTICO-CENTRAL-FACHADA-SUR-DE-LA-CATEDRAL-DE-LEÓN-MAESTRO-ENRIQUE-ss.-XIII-XIV-251x300.jpg 251w, https://auladeclio.com/auladeclio/wp-content/uploads/2020/02/DETALLE-DE-UN-DOSELETE-EN-EL-PÓRTICO-CENTRAL-FACHADA-SUR-DE-LA-CATEDRAL-DE-LEÓN-MAESTRO-ENRIQUE-ss.-XIII-XIV-858x1024.jpg 858w, https://auladeclio.com/auladeclio/wp-content/uploads/2020/02/DETALLE-DE-UN-DOSELETE-EN-EL-PÓRTICO-CENTRAL-FACHADA-SUR-DE-LA-CATEDRAL-DE-LEÓN-MAESTRO-ENRIQUE-ss.-XIII-XIV-768x917.jpg 768w, https://auladeclio.com/auladeclio/wp-content/uploads/2020/02/DETALLE-DE-UN-DOSELETE-EN-EL-PÓRTICO-CENTRAL-FACHADA-SUR-DE-LA-CATEDRAL-DE-LEÓN-MAESTRO-ENRIQUE-ss.-XIII-XIV-1287x1536.jpg 1287w, https://auladeclio.com/auladeclio/wp-content/uploads/2020/02/DETALLE-DE-UN-DOSELETE-EN-EL-PÓRTICO-CENTRAL-FACHADA-SUR-DE-LA-CATEDRAL-DE-LEÓN-MAESTRO-ENRIQUE-ss.-XIII-XIV.jpg 1528w" sizes="auto, (max-width: 251px) 100vw, 251px" /></a></p>

<p>DETALLE DE UN DOSELETE EN EL PÓRTICO CENTRAL FACHADA SUR DE LA CATEDRAL DE LEÓN MAESTRO ENRIQUE (ss. XIII-XIV)</p>

2020/02/DETALLE-DE-UN-DOSELETE-EN-EL-PÓRTICO-CENTRAL-FACHADA-SUR-DE-LA-CATEDRAL-DE-LEÓN-MAESTRO-ENRIQUE-ss.-XIII-XIV.jpg

DETALLE-DE-UN-DOSELETE-EN-EL-PÓRTICO-CENTRAL-FACHADA-SUR-DE-LA-CATEDRAL-DE-LEÓN-MAESTRO-ENRIQUE-ss.-XIII-XIV-251x300.jpg

https://auladeclio.com/auladeclio/wp-content/uploads/2020/02/DETALLE-DE-UN-DOSELETE-EN-EL-PÓRTICO-CENTRAL-FACHADA-SUR-DE-LA-CATEDRAL-DE-LEÓN-MAESTRO-ENRIQUE-ss.-XIII-XIV-251x300.jpg

DETALLE-DE-UN-DOSELETE-EN-EL-PÓRTICO-CENTRAL-FACHADA-SUR-DE-LA-CATEDRAL-DE-LEÓN-MAESTRO-ENRIQUE-ss.-XIII-XIV-858x1024.jpg

https://auladeclio.com/auladeclio/wp-content/uploads/2020/02/DETALLE-DE-UN-DOSELETE-EN-EL-PÓRTICO-CENTRAL-FACHADA-SUR-DE-LA-CATEDRAL-DE-LEÓN-MAESTRO-ENRIQUE-ss.-XIII-XIV-858x1024.jpg

DETALLE-DE-UN-DOSELETE-EN-EL-PÓRTICO-CENTRAL-FACHADA-SUR-DE-LA-CATEDRAL-DE-LEÓN-MAESTRO-ENRIQUE-ss.-XIII-XIV-150x150.jpg

https://auladeclio.com/auladeclio/wp-content/uploads/2020/02/DETALLE-DE-UN-DOSELETE-EN-EL-PÓRTICO-CENTRAL-FACHADA-SUR-DE-LA-CATEDRAL-DE-LEÓN-MAESTRO-ENRIQUE-ss.-XIII-XIV-150x150.jpg

DETALLE-DE-UN-DOSELETE-EN-EL-PÓRTICO-CENTRAL-FACHADA-SUR-DE-LA-CATEDRAL-DE-LEÓN-MAESTRO-ENRIQUE-ss.-XIII-XIV-768x917.jpg

https://auladeclio.com/auladeclio/wp-content/uploads/2020/02/DETALLE-DE-UN-DOSELETE-EN-EL-PÓRTICO-CENTRAL-FACHADA-SUR-DE-LA-CATEDRAL-DE-LEÓN-MAESTRO-ENRIQUE-ss.-XIII-XIV-768x917.jpg

DETALLE-DE-UN-DOSELETE-EN-EL-PÓRTICO-CENTRAL-FACHADA-SUR-DE-LA-CATEDRAL-DE-LEÓN-MAESTRO-ENRIQUE-ss.-XIII-XIV-1287x1536.jpg

https://auladeclio.com/auladeclio/wp-content/uploads/2020/02/DETALLE-DE-UN-DOSELETE-EN-EL-PÓRTICO-CENTRAL-FACHADA-SUR-DE-LA-CATEDRAL-DE-LEÓN-MAESTRO-ENRIQUE-ss.-XIII-XIV-1287x1536.jpg

DETALLE-DE-UN-DOSELETE-EN-EL-PÓRTICO-CENTRAL-FACHADA-SUR-DE-LA-CATEDRAL-DE-LEÓN-MAESTRO-ENRIQUE-ss.-XIII-XIV-750x410.jpg

https://auladeclio.com/auladeclio/wp-content/uploads/2020/02/DETALLE-DE-UN-DOSELETE-EN-EL-PÓRTICO-CENTRAL-FACHADA-SUR-DE-LA-CATEDRAL-DE-LEÓN-MAESTRO-ENRIQUE-ss.-XIII-XIV-750x410.jpg

DETALLE-DE-UN-DOSELETE-EN-EL-PÓRTICO-CENTRAL-FACHADA-SUR-DE-LA-CATEDRAL-DE-LEÓN-MAESTRO-ENRIQUE-ss.-XIII-XIV-1140x624.jpg

https://auladeclio.com/auladeclio/wp-content/uploads/2020/02/DETALLE-DE-UN-DOSELETE-EN-EL-PÓRTICO-CENTRAL-FACHADA-SUR-DE-LA-CATEDRAL-DE-LEÓN-MAESTRO-ENRIQUE-ss.-XIII-XIV-1140x624.jpg

DETALLE-DE-UN-DOSELETE-EN-EL-PÓRTICO-CENTRAL-FACHADA-SUR-DE-LA-CATEDRAL-DE-LEÓN-MAESTRO-ENRIQUE-ss.-XIII-XIV-60x60.jpg

https://auladeclio.com/auladeclio/wp-content/uploads/2020/02/DETALLE-DE-UN-DOSELETE-EN-EL-PÓRTICO-CENTRAL-FACHADA-SUR-DE-LA-CATEDRAL-DE-LEÓN-MAESTRO-ENRIQUE-ss.-XIII-XIV-60x60.jpg

DETALLE-DE-UN-DOSELETE-EN-EL-PÓRTICO-CENTRAL-FACHADA-SUR-DE-LA-CATEDRAL-DE-LEÓN-MAESTRO-ENRIQUE-ss.-XIII-XIV-569x372.jpg

https://auladeclio.com/auladeclio/wp-content/uploads/2020/02/DETALLE-DE-UN-DOSELETE-EN-EL-PÓRTICO-CENTRAL-FACHADA-SUR-DE-LA-CATEDRAL-DE-LEÓN-MAESTRO-ENRIQUE-ss.-XIII-XIV-569x372.jpg

DETALLE-DE-UN-DOSELETE-EN-EL-PÓRTICO-CENTRAL-FACHADA-SUR-DE-LA-CATEDRAL-DE-LEÓN-MAESTRO-ENRIQUE-ss.-XIII-XIV-369x241.jpg

https://auladeclio.com/auladeclio/wp-content/uploads/2020/02/DETALLE-DE-UN-DOSELETE-EN-EL-PÓRTICO-CENTRAL-FACHADA-SUR-DE-LA-CATEDRAL-DE-LEÓN-MAESTRO-ENRIQUE-ss.-XIII-XIV-369x241.jpg

DETALLE-DE-UN-DOSELETE-EN-EL-PÓRTICO-CENTRAL-FACHADA-SUR-DE-LA-CATEDRAL-DE-LEÓN-MAESTRO-ENRIQUE-ss.-XIII-XIV-269x176.jpg

https://auladeclio.com/auladeclio/wp-content/uploads/2020/02/DETALLE-DE-UN-DOSELETE-EN-EL-PÓRTICO-CENTRAL-FACHADA-SUR-DE-LA-CATEDRAL-DE-LEÓN-MAESTRO-ENRIQUE-ss.-XIII-XIV-269x176.jpg

DETALLE-DE-UN-DOSELETE-EN-EL-PÓRTICO-CENTRAL-FACHADA-SUR-DE-LA-CATEDRAL-DE-LEÓN-MAESTRO-ENRIQUE-ss.-XIII-XIV.jpg

https://auladeclio.com/auladeclio/wp-content/uploads/2020/02/DETALLE-DE-UN-DOSELETE-EN-EL-PÓRTICO-CENTRAL-FACHADA-SUR-DE-LA-CATEDRAL-DE-LEÓN-MAESTRO-ENRIQUE-ss.-XIII-XIV.jpg
