{"id":5812,"date":"2020-02-07T12:30:02","date_gmt":"2020-02-07T12:30:02","guid":{"rendered":"http:\/\/auladeclio.com\/auladeclio\/wp-content\/uploads\/2020\/02\/HORNACINA-DE-LA-IGLESIA-DE-NUESTRA-SE\u00d1ORA-DE-LA-ASUNCI\u00d3N.-Torija-Guadalajara-s.-XVI.jpg"},"modified":"2020-02-07T12:35:45","modified_gmt":"2020-02-07T12:35:45","slug":"hornacina-de-la-iglesia-de-nuestra-senora-de-la-asuncion-torija-guadalajara-s-xvi","status":"inherit","type":"attachment","link":"https:\/\/auladeclio.com\/auladeclio\/comentarioobraarquitectonica\/hornacina-de-la-iglesia-de-nuestra-senora-de-la-asuncion-torija-guadalajara-s-xvi\/","title":{"rendered":"HORNACINA DE LA IGLESIA DE NUESTRA SE\u00d1ORA DE LA ASUNCI\u00d3N. Torija (Guadalajara) (s. XVI)"},"author":1,"featured_media":0,"comment_status":"open","ping_status":"closed","template":"","meta":{"nf_dc_page":""},"foogallery_attachment_category":[],"class_list":["post-5812","attachment","type-attachment","status-inherit","hentry"],"description":{"rendered":"<p class=\"attachment\"><a href='https:\/\/auladeclio.com\/auladeclio\/wp-content\/uploads\/2020\/02\/HORNACINA-DE-LA-IGLESIA-DE-NUESTRA-SE\u00d1ORA-DE-LA-ASUNCI\u00d3N.-Torija-Guadalajara-s.-XVI.jpg'><img loading=\"lazy\" decoding=\"async\" width=\"300\" height=\"225\" src=\"https:\/\/auladeclio.com\/auladeclio\/wp-content\/uploads\/2020\/02\/HORNACINA-DE-LA-IGLESIA-DE-NUESTRA-SE\u00d1ORA-DE-LA-ASUNCI\u00d3N.-Torija-Guadalajara-s.-XVI-300x225.jpg\" class=\"attachment-medium size-medium\" alt=\"\" srcset=\"https:\/\/auladeclio.com\/auladeclio\/wp-content\/uploads\/2020\/02\/HORNACINA-DE-LA-IGLESIA-DE-NUESTRA-SE\u00d1ORA-DE-LA-ASUNCI\u00d3N.-Torija-Guadalajara-s.-XVI-300x225.jpg 300w, https:\/\/auladeclio.com\/auladeclio\/wp-content\/uploads\/2020\/02\/HORNACINA-DE-LA-IGLESIA-DE-NUESTRA-SE\u00d1ORA-DE-LA-ASUNCI\u00d3N.-Torija-Guadalajara-s.-XVI-1024x768.jpg 1024w, https:\/\/auladeclio.com\/auladeclio\/wp-content\/uploads\/2020\/02\/HORNACINA-DE-LA-IGLESIA-DE-NUESTRA-SE\u00d1ORA-DE-LA-ASUNCI\u00d3N.-Torija-Guadalajara-s.-XVI-768x576.jpg 768w, https:\/\/auladeclio.com\/auladeclio\/wp-content\/uploads\/2020\/02\/HORNACINA-DE-LA-IGLESIA-DE-NUESTRA-SE\u00d1ORA-DE-LA-ASUNCI\u00d3N.-Torija-Guadalajara-s.-XVI.jpg 1200w\" sizes=\"auto, (max-width: 300px) 100vw, 300px\" \/><\/a><\/p>\n"},"caption":{"rendered":"<p>HORNACINA DE LA IGLESIA DE NUESTRA SE\u00d1ORA DE LA ASUNCI\u00d3N. Torija (Guadalajara) (s. XVI)<\/p>\n"},"alt_text":"","media_type":"image","mime_type":"image\/jpeg","media_details":{"width":1200,"height":900,"file":"2020\/02\/HORNACINA-DE-LA-IGLESIA-DE-NUESTRA-SE\u00d1ORA-DE-LA-ASUNCI\u00d3N.-Torija-Guadalajara-s.-XVI.jpg","sizes":{"medium":{"file":"HORNACINA-DE-LA-IGLESIA-DE-NUESTRA-SE\u00d1ORA-DE-LA-ASUNCI\u00d3N.-Torija-Guadalajara-s.-XVI-300x225.jpg","width":300,"height":225,"mime_type":"image\/jpeg","source_url":"https:\/\/auladeclio.com\/auladeclio\/wp-content\/uploads\/2020\/02\/HORNACINA-DE-LA-IGLESIA-DE-NUESTRA-SE\u00d1ORA-DE-LA-ASUNCI\u00d3N.-Torija-Guadalajara-s.-XVI-300x225.jpg"},"large":{"file":"HORNACINA-DE-LA-IGLESIA-DE-NUESTRA-SE\u00d1ORA-DE-LA-ASUNCI\u00d3N.-Torija-Guadalajara-s.-XVI-1024x768.jpg","width":1024,"height":768,"mime_type":"image\/jpeg","source_url":"https:\/\/auladeclio.com\/auladeclio\/wp-content\/uploads\/2020\/02\/HORNACINA-DE-LA-IGLESIA-DE-NUESTRA-SE\u00d1ORA-DE-LA-ASUNCI\u00d3N.-Torija-Guadalajara-s.-XVI-1024x768.jpg"},"thumbnail":{"file":"HORNACINA-DE-LA-IGLESIA-DE-NUESTRA-SE\u00d1ORA-DE-LA-ASUNCI\u00d3N.-Torija-Guadalajara-s.-XVI-150x150.jpg","width":150,"height":150,"mime_type":"image\/jpeg","source_url":"https:\/\/auladeclio.com\/auladeclio\/wp-content\/uploads\/2020\/02\/HORNACINA-DE-LA-IGLESIA-DE-NUESTRA-SE\u00d1ORA-DE-LA-ASUNCI\u00d3N.-Torija-Guadalajara-s.-XVI-150x150.jpg"},"medium_large":{"file":"HORNACINA-DE-LA-IGLESIA-DE-NUESTRA-SE\u00d1ORA-DE-LA-ASUNCI\u00d3N.-Torija-Guadalajara-s.-XVI-768x576.jpg","width":768,"height":576,"mime_type":"image\/jpeg","source_url":"https:\/\/auladeclio.com\/auladeclio\/wp-content\/uploads\/2020\/02\/HORNACINA-DE-LA-IGLESIA-DE-NUESTRA-SE\u00d1ORA-DE-LA-ASUNCI\u00d3N.-Torija-Guadalajara-s.-XVI-768x576.jpg"},"sparkling-featured":{"file":"HORNACINA-DE-LA-IGLESIA-DE-NUESTRA-SE\u00d1ORA-DE-LA-ASUNCI\u00d3N.-Torija-Guadalajara-s.-XVI-750x410.jpg","width":750,"height":410,"mime_type":"image\/jpeg","source_url":"https:\/\/auladeclio.com\/auladeclio\/wp-content\/uploads\/2020\/02\/HORNACINA-DE-LA-IGLESIA-DE-NUESTRA-SE\u00d1ORA-DE-LA-ASUNCI\u00d3N.-Torija-Guadalajara-s.-XVI-750x410.jpg"},"sparkling-featured-fullwidth":{"file":"HORNACINA-DE-LA-IGLESIA-DE-NUESTRA-SE\u00d1ORA-DE-LA-ASUNCI\u00d3N.-Torija-Guadalajara-s.-XVI-1140x624.jpg","width":1140,"height":624,"mime_type":"image\/jpeg","source_url":"https:\/\/auladeclio.com\/auladeclio\/wp-content\/uploads\/2020\/02\/HORNACINA-DE-LA-IGLESIA-DE-NUESTRA-SE\u00d1ORA-DE-LA-ASUNCI\u00d3N.-Torija-Guadalajara-s.-XVI-1140x624.jpg"},"tab-small":{"file":"HORNACINA-DE-LA-IGLESIA-DE-NUESTRA-SE\u00d1ORA-DE-LA-ASUNCI\u00d3N.-Torija-Guadalajara-s.-XVI-60x60.jpg","width":60,"height":60,"mime_type":"image\/jpeg","source_url":"https:\/\/auladeclio.com\/auladeclio\/wp-content\/uploads\/2020\/02\/HORNACINA-DE-LA-IGLESIA-DE-NUESTRA-SE\u00d1ORA-DE-LA-ASUNCI\u00d3N.-Torija-Guadalajara-s.-XVI-60x60.jpg"},"ebs-portfolio-two":{"file":"HORNACINA-DE-LA-IGLESIA-DE-NUESTRA-SE\u00d1ORA-DE-LA-ASUNCI\u00d3N.-Torija-Guadalajara-s.-XVI-569x372.jpg","width":569,"height":372,"mime_type":"image\/jpeg","source_url":"https:\/\/auladeclio.com\/auladeclio\/wp-content\/uploads\/2020\/02\/HORNACINA-DE-LA-IGLESIA-DE-NUESTRA-SE\u00d1ORA-DE-LA-ASUNCI\u00d3N.-Torija-Guadalajara-s.-XVI-569x372.jpg"},"ebs-portfolio-three":{"file":"HORNACINA-DE-LA-IGLESIA-DE-NUESTRA-SE\u00d1ORA-DE-LA-ASUNCI\u00d3N.-Torija-Guadalajara-s.-XVI-369x241.jpg","width":369,"height":241,"mime_type":"image\/jpeg","source_url":"https:\/\/auladeclio.com\/auladeclio\/wp-content\/uploads\/2020\/02\/HORNACINA-DE-LA-IGLESIA-DE-NUESTRA-SE\u00d1ORA-DE-LA-ASUNCI\u00d3N.-Torija-Guadalajara-s.-XVI-369x241.jpg"},"ebs-portfolio-four":{"file":"HORNACINA-DE-LA-IGLESIA-DE-NUESTRA-SE\u00d1ORA-DE-LA-ASUNCI\u00d3N.-Torija-Guadalajara-s.-XVI-269x176.jpg","width":269,"height":176,"mime_type":"image\/jpeg","source_url":"https:\/\/auladeclio.com\/auladeclio\/wp-content\/uploads\/2020\/02\/HORNACINA-DE-LA-IGLESIA-DE-NUESTRA-SE\u00d1ORA-DE-LA-ASUNCI\u00d3N.-Torija-Guadalajara-s.-XVI-269x176.jpg"},"full":{"file":"HORNACINA-DE-LA-IGLESIA-DE-NUESTRA-SE\u00d1ORA-DE-LA-ASUNCI\u00d3N.-Torija-Guadalajara-s.-XVI.jpg","width":1200,"height":900,"mime_type":"image\/jpeg","source_url":"https:\/\/auladeclio.com\/auladeclio\/wp-content\/uploads\/2020\/02\/HORNACINA-DE-LA-IGLESIA-DE-NUESTRA-SE\u00d1ORA-DE-LA-ASUNCI\u00d3N.-Torija-Guadalajara-s.-XVI.jpg"}},"image_meta":{"aperture":"0","credit":"","camera":"","caption":"","created_timestamp":"0","copyright":"","focal_length":"0","iso":"0","shutter_speed":"0","title":"","orientation":"0","keywords":[]}},"post":5311,"source_url":"https:\/\/auladeclio.com\/auladeclio\/wp-content\/uploads\/2020\/02\/HORNACINA-DE-LA-IGLESIA-DE-NUESTRA-SE\u00d1ORA-DE-LA-ASUNCI\u00d3N.-Torija-Guadalajara-s.-XVI.jpg","_links":{"self":[{"href":"https:\/\/auladeclio.com\/auladeclio\/wp-json\/wp\/v2\/media\/5812","targetHints":{"allow":["GET"]}}],"collection":[{"href":"https:\/\/auladeclio.com\/auladeclio\/wp-json\/wp\/v2\/media"}],"about":[{"href":"https:\/\/auladeclio.com\/auladeclio\/wp-json\/wp\/v2\/types\/attachment"}],"author":[{"embeddable":true,"href":"https:\/\/auladeclio.com\/auladeclio\/wp-json\/wp\/v2\/users\/1"}],"replies":[{"embeddable":true,"href":"https:\/\/auladeclio.com\/auladeclio\/wp-json\/wp\/v2\/comments?post=5812"}],"wp:term":[{"taxonomy":"foogallery_attachment_category","embeddable":true,"href":"https:\/\/auladeclio.com\/auladeclio\/wp-json\/wp\/v2\/foogallery_attachment_category?post=5812"}],"wp:attached-to":[{"embeddable":true,"post_type":"page","id":5311,"href":"https:\/\/auladeclio.com\/auladeclio\/wp-json\/wp\/v2\/pages\/5311"}],"curies":[{"name":"wp","href":"https:\/\/api.w.org\/{rel}","templated":true}]}}

http://auladeclio.com/auladeclio/wp-content/uploads/2020/02/HORNACINA-DE-LA-IGLESIA-DE-NUESTRA-SEÑORA-DE-LA-ASUNCIÓN.-Torija-Guadalajara-s.-XVI.jpg

HORNACINA DE LA IGLESIA DE NUESTRA SEÑORA DE LA ASUNCIÓN. Torija (Guadalajara) (s. XVI)

<p class="attachment"><a href='https://auladeclio.com/auladeclio/wp-content/uploads/2020/02/HORNACINA-DE-LA-IGLESIA-DE-NUESTRA-SEÑORA-DE-LA-ASUNCIÓN.-Torija-Guadalajara-s.-XVI.jpg'><img loading="lazy" decoding="async" width="300" height="225" src="https://auladeclio.com/auladeclio/wp-content/uploads/2020/02/HORNACINA-DE-LA-IGLESIA-DE-NUESTRA-SEÑORA-DE-LA-ASUNCIÓN.-Torija-Guadalajara-s.-XVI-300x225.jpg" class="attachment-medium size-medium" alt="" srcset="https://auladeclio.com/auladeclio/wp-content/uploads/2020/02/HORNACINA-DE-LA-IGLESIA-DE-NUESTRA-SEÑORA-DE-LA-ASUNCIÓN.-Torija-Guadalajara-s.-XVI-300x225.jpg 300w, https://auladeclio.com/auladeclio/wp-content/uploads/2020/02/HORNACINA-DE-LA-IGLESIA-DE-NUESTRA-SEÑORA-DE-LA-ASUNCIÓN.-Torija-Guadalajara-s.-XVI-1024x768.jpg 1024w, https://auladeclio.com/auladeclio/wp-content/uploads/2020/02/HORNACINA-DE-LA-IGLESIA-DE-NUESTRA-SEÑORA-DE-LA-ASUNCIÓN.-Torija-Guadalajara-s.-XVI-768x576.jpg 768w, https://auladeclio.com/auladeclio/wp-content/uploads/2020/02/HORNACINA-DE-LA-IGLESIA-DE-NUESTRA-SEÑORA-DE-LA-ASUNCIÓN.-Torija-Guadalajara-s.-XVI.jpg 1200w" sizes="auto, (max-width: 300px) 100vw, 300px" /></a></p>

<p>HORNACINA DE LA IGLESIA DE NUESTRA SEÑORA DE LA ASUNCIÓN. Torija (Guadalajara) (s. XVI)</p>

2020/02/HORNACINA-DE-LA-IGLESIA-DE-NUESTRA-SEÑORA-DE-LA-ASUNCIÓN.-Torija-Guadalajara-s.-XVI.jpg

HORNACINA-DE-LA-IGLESIA-DE-NUESTRA-SEÑORA-DE-LA-ASUNCIÓN.-Torija-Guadalajara-s.-XVI-300x225.jpg

https://auladeclio.com/auladeclio/wp-content/uploads/2020/02/HORNACINA-DE-LA-IGLESIA-DE-NUESTRA-SEÑORA-DE-LA-ASUNCIÓN.-Torija-Guadalajara-s.-XVI-300x225.jpg

HORNACINA-DE-LA-IGLESIA-DE-NUESTRA-SEÑORA-DE-LA-ASUNCIÓN.-Torija-Guadalajara-s.-XVI-1024x768.jpg

https://auladeclio.com/auladeclio/wp-content/uploads/2020/02/HORNACINA-DE-LA-IGLESIA-DE-NUESTRA-SEÑORA-DE-LA-ASUNCIÓN.-Torija-Guadalajara-s.-XVI-1024x768.jpg

HORNACINA-DE-LA-IGLESIA-DE-NUESTRA-SEÑORA-DE-LA-ASUNCIÓN.-Torija-Guadalajara-s.-XVI-150x150.jpg

https://auladeclio.com/auladeclio/wp-content/uploads/2020/02/HORNACINA-DE-LA-IGLESIA-DE-NUESTRA-SEÑORA-DE-LA-ASUNCIÓN.-Torija-Guadalajara-s.-XVI-150x150.jpg

HORNACINA-DE-LA-IGLESIA-DE-NUESTRA-SEÑORA-DE-LA-ASUNCIÓN.-Torija-Guadalajara-s.-XVI-768x576.jpg

https://auladeclio.com/auladeclio/wp-content/uploads/2020/02/HORNACINA-DE-LA-IGLESIA-DE-NUESTRA-SEÑORA-DE-LA-ASUNCIÓN.-Torija-Guadalajara-s.-XVI-768x576.jpg

HORNACINA-DE-LA-IGLESIA-DE-NUESTRA-SEÑORA-DE-LA-ASUNCIÓN.-Torija-Guadalajara-s.-XVI-750x410.jpg

https://auladeclio.com/auladeclio/wp-content/uploads/2020/02/HORNACINA-DE-LA-IGLESIA-DE-NUESTRA-SEÑORA-DE-LA-ASUNCIÓN.-Torija-Guadalajara-s.-XVI-750x410.jpg

HORNACINA-DE-LA-IGLESIA-DE-NUESTRA-SEÑORA-DE-LA-ASUNCIÓN.-Torija-Guadalajara-s.-XVI-1140x624.jpg

https://auladeclio.com/auladeclio/wp-content/uploads/2020/02/HORNACINA-DE-LA-IGLESIA-DE-NUESTRA-SEÑORA-DE-LA-ASUNCIÓN.-Torija-Guadalajara-s.-XVI-1140x624.jpg

HORNACINA-DE-LA-IGLESIA-DE-NUESTRA-SEÑORA-DE-LA-ASUNCIÓN.-Torija-Guadalajara-s.-XVI-60x60.jpg

https://auladeclio.com/auladeclio/wp-content/uploads/2020/02/HORNACINA-DE-LA-IGLESIA-DE-NUESTRA-SEÑORA-DE-LA-ASUNCIÓN.-Torija-Guadalajara-s.-XVI-60x60.jpg

HORNACINA-DE-LA-IGLESIA-DE-NUESTRA-SEÑORA-DE-LA-ASUNCIÓN.-Torija-Guadalajara-s.-XVI-569x372.jpg

https://auladeclio.com/auladeclio/wp-content/uploads/2020/02/HORNACINA-DE-LA-IGLESIA-DE-NUESTRA-SEÑORA-DE-LA-ASUNCIÓN.-Torija-Guadalajara-s.-XVI-569x372.jpg

HORNACINA-DE-LA-IGLESIA-DE-NUESTRA-SEÑORA-DE-LA-ASUNCIÓN.-Torija-Guadalajara-s.-XVI-369x241.jpg

https://auladeclio.com/auladeclio/wp-content/uploads/2020/02/HORNACINA-DE-LA-IGLESIA-DE-NUESTRA-SEÑORA-DE-LA-ASUNCIÓN.-Torija-Guadalajara-s.-XVI-369x241.jpg

HORNACINA-DE-LA-IGLESIA-DE-NUESTRA-SEÑORA-DE-LA-ASUNCIÓN.-Torija-Guadalajara-s.-XVI-269x176.jpg

https://auladeclio.com/auladeclio/wp-content/uploads/2020/02/HORNACINA-DE-LA-IGLESIA-DE-NUESTRA-SEÑORA-DE-LA-ASUNCIÓN.-Torija-Guadalajara-s.-XVI-269x176.jpg

HORNACINA-DE-LA-IGLESIA-DE-NUESTRA-SEÑORA-DE-LA-ASUNCIÓN.-Torija-Guadalajara-s.-XVI.jpg

https://auladeclio.com/auladeclio/wp-content/uploads/2020/02/HORNACINA-DE-LA-IGLESIA-DE-NUESTRA-SEÑORA-DE-LA-ASUNCIÓN.-Torija-Guadalajara-s.-XVI.jpg
