{"id":5346,"date":"2019-09-30T19:20:13","date_gmt":"2019-09-30T19:20:13","guid":{"rendered":"http:\/\/auladeclio.com\/auladeclio\/wp-content\/uploads\/2019\/09\/VISTA-INTERIOR-DEL-PANTE\u00d3N-DE-ROMA-O-DE-AGRIPA.-Roma.-An\u00f3nimo.-120-d.-C..jpg"},"modified":"2019-09-30T19:20:40","modified_gmt":"2019-09-30T19:20:40","slug":"interior-of-rome-pantheon-with-the-famous-light-ray","status":"inherit","type":"attachment","link":"https:\/\/auladeclio.com\/auladeclio\/comentarioobraarquitectonica\/interior-of-rome-pantheon-with-the-famous-light-ray\/","title":{"rendered":"VISTA INTERIOR DEL PANTE\u00d3N DE ROMA O DE AGRIPA. Roma. An\u00f3nimo. (120 d. C.)"},"author":1,"featured_media":0,"comment_status":"open","ping_status":"closed","template":"","meta":{"nf_dc_page":""},"foogallery_attachment_category":[],"class_list":["post-5346","attachment","type-attachment","status-inherit","hentry"],"description":{"rendered":"<p class=\"attachment\"><a href='https:\/\/auladeclio.com\/auladeclio\/wp-content\/uploads\/2019\/09\/VISTA-INTERIOR-DEL-PANTE\u00d3N-DE-ROMA-O-DE-AGRIPA.-Roma.-An\u00f3nimo.-120-d.-C..jpg'><img loading=\"lazy\" decoding=\"async\" width=\"300\" height=\"200\" src=\"https:\/\/auladeclio.com\/auladeclio\/wp-content\/uploads\/2019\/09\/VISTA-INTERIOR-DEL-PANTE\u00d3N-DE-ROMA-O-DE-AGRIPA.-Roma.-An\u00f3nimo.-120-d.-C.-300x200.jpg\" class=\"attachment-medium size-medium\" alt=\"\" srcset=\"https:\/\/auladeclio.com\/auladeclio\/wp-content\/uploads\/2019\/09\/VISTA-INTERIOR-DEL-PANTE\u00d3N-DE-ROMA-O-DE-AGRIPA.-Roma.-An\u00f3nimo.-120-d.-C.-300x200.jpg 300w, https:\/\/auladeclio.com\/auladeclio\/wp-content\/uploads\/2019\/09\/VISTA-INTERIOR-DEL-PANTE\u00d3N-DE-ROMA-O-DE-AGRIPA.-Roma.-An\u00f3nimo.-120-d.-C.-768x512.jpg 768w, https:\/\/auladeclio.com\/auladeclio\/wp-content\/uploads\/2019\/09\/VISTA-INTERIOR-DEL-PANTE\u00d3N-DE-ROMA-O-DE-AGRIPA.-Roma.-An\u00f3nimo.-120-d.-C.-1024x683.jpg 1024w, https:\/\/auladeclio.com\/auladeclio\/wp-content\/uploads\/2019\/09\/VISTA-INTERIOR-DEL-PANTE\u00d3N-DE-ROMA-O-DE-AGRIPA.-Roma.-An\u00f3nimo.-120-d.-C..jpg 1400w\" sizes=\"auto, (max-width: 300px) 100vw, 300px\" \/><\/a><\/p>\n"},"caption":{"rendered":"<p>VISTA INTERIOR DEL PANTE\u00d3N DE ROMA O DE AGRIPA. Roma. An\u00f3nimo. (120 d. C.)<\/p>\n"},"alt_text":"","media_type":"image","mime_type":"image\/jpeg","media_details":{"width":1400,"height":934,"file":"2019\/09\/VISTA-INTERIOR-DEL-PANTE\u00d3N-DE-ROMA-O-DE-AGRIPA.-Roma.-An\u00f3nimo.-120-d.-C..jpg","sizes":{"thumbnail":{"file":"VISTA-INTERIOR-DEL-PANTE\u00d3N-DE-ROMA-O-DE-AGRIPA.-Roma.-An\u00f3nimo.-120-d.-C.-150x150.jpg","width":150,"height":150,"mime_type":"image\/jpeg","source_url":"https:\/\/auladeclio.com\/auladeclio\/wp-content\/uploads\/2019\/09\/VISTA-INTERIOR-DEL-PANTE\u00d3N-DE-ROMA-O-DE-AGRIPA.-Roma.-An\u00f3nimo.-120-d.-C.-150x150.jpg"},"medium":{"file":"VISTA-INTERIOR-DEL-PANTE\u00d3N-DE-ROMA-O-DE-AGRIPA.-Roma.-An\u00f3nimo.-120-d.-C.-300x200.jpg","width":300,"height":200,"mime_type":"image\/jpeg","source_url":"https:\/\/auladeclio.com\/auladeclio\/wp-content\/uploads\/2019\/09\/VISTA-INTERIOR-DEL-PANTE\u00d3N-DE-ROMA-O-DE-AGRIPA.-Roma.-An\u00f3nimo.-120-d.-C.-300x200.jpg"},"medium_large":{"file":"VISTA-INTERIOR-DEL-PANTE\u00d3N-DE-ROMA-O-DE-AGRIPA.-Roma.-An\u00f3nimo.-120-d.-C.-768x512.jpg","width":768,"height":512,"mime_type":"image\/jpeg","source_url":"https:\/\/auladeclio.com\/auladeclio\/wp-content\/uploads\/2019\/09\/VISTA-INTERIOR-DEL-PANTE\u00d3N-DE-ROMA-O-DE-AGRIPA.-Roma.-An\u00f3nimo.-120-d.-C.-768x512.jpg"},"large":{"file":"VISTA-INTERIOR-DEL-PANTE\u00d3N-DE-ROMA-O-DE-AGRIPA.-Roma.-An\u00f3nimo.-120-d.-C.-1024x683.jpg","width":1024,"height":683,"mime_type":"image\/jpeg","source_url":"https:\/\/auladeclio.com\/auladeclio\/wp-content\/uploads\/2019\/09\/VISTA-INTERIOR-DEL-PANTE\u00d3N-DE-ROMA-O-DE-AGRIPA.-Roma.-An\u00f3nimo.-120-d.-C.-1024x683.jpg"},"sparkling-featured":{"file":"VISTA-INTERIOR-DEL-PANTE\u00d3N-DE-ROMA-O-DE-AGRIPA.-Roma.-An\u00f3nimo.-120-d.-C.-750x410.jpg","width":750,"height":410,"mime_type":"image\/jpeg","source_url":"https:\/\/auladeclio.com\/auladeclio\/wp-content\/uploads\/2019\/09\/VISTA-INTERIOR-DEL-PANTE\u00d3N-DE-ROMA-O-DE-AGRIPA.-Roma.-An\u00f3nimo.-120-d.-C.-750x410.jpg"},"sparkling-featured-fullwidth":{"file":"VISTA-INTERIOR-DEL-PANTE\u00d3N-DE-ROMA-O-DE-AGRIPA.-Roma.-An\u00f3nimo.-120-d.-C.-1140x624.jpg","width":1140,"height":624,"mime_type":"image\/jpeg","source_url":"https:\/\/auladeclio.com\/auladeclio\/wp-content\/uploads\/2019\/09\/VISTA-INTERIOR-DEL-PANTE\u00d3N-DE-ROMA-O-DE-AGRIPA.-Roma.-An\u00f3nimo.-120-d.-C.-1140x624.jpg"},"tab-small":{"file":"VISTA-INTERIOR-DEL-PANTE\u00d3N-DE-ROMA-O-DE-AGRIPA.-Roma.-An\u00f3nimo.-120-d.-C.-60x60.jpg","width":60,"height":60,"mime_type":"image\/jpeg","source_url":"https:\/\/auladeclio.com\/auladeclio\/wp-content\/uploads\/2019\/09\/VISTA-INTERIOR-DEL-PANTE\u00d3N-DE-ROMA-O-DE-AGRIPA.-Roma.-An\u00f3nimo.-120-d.-C.-60x60.jpg"},"ebs-portfolio-two":{"file":"VISTA-INTERIOR-DEL-PANTE\u00d3N-DE-ROMA-O-DE-AGRIPA.-Roma.-An\u00f3nimo.-120-d.-C.-569x372.jpg","width":569,"height":372,"mime_type":"image\/jpeg","source_url":"https:\/\/auladeclio.com\/auladeclio\/wp-content\/uploads\/2019\/09\/VISTA-INTERIOR-DEL-PANTE\u00d3N-DE-ROMA-O-DE-AGRIPA.-Roma.-An\u00f3nimo.-120-d.-C.-569x372.jpg"},"ebs-portfolio-three":{"file":"VISTA-INTERIOR-DEL-PANTE\u00d3N-DE-ROMA-O-DE-AGRIPA.-Roma.-An\u00f3nimo.-120-d.-C.-369x241.jpg","width":369,"height":241,"mime_type":"image\/jpeg","source_url":"https:\/\/auladeclio.com\/auladeclio\/wp-content\/uploads\/2019\/09\/VISTA-INTERIOR-DEL-PANTE\u00d3N-DE-ROMA-O-DE-AGRIPA.-Roma.-An\u00f3nimo.-120-d.-C.-369x241.jpg"},"ebs-portfolio-four":{"file":"VISTA-INTERIOR-DEL-PANTE\u00d3N-DE-ROMA-O-DE-AGRIPA.-Roma.-An\u00f3nimo.-120-d.-C.-269x176.jpg","width":269,"height":176,"mime_type":"image\/jpeg","source_url":"https:\/\/auladeclio.com\/auladeclio\/wp-content\/uploads\/2019\/09\/VISTA-INTERIOR-DEL-PANTE\u00d3N-DE-ROMA-O-DE-AGRIPA.-Roma.-An\u00f3nimo.-120-d.-C.-269x176.jpg"},"full":{"file":"VISTA-INTERIOR-DEL-PANTE\u00d3N-DE-ROMA-O-DE-AGRIPA.-Roma.-An\u00f3nimo.-120-d.-C..jpg","width":1400,"height":934,"mime_type":"image\/jpeg","source_url":"https:\/\/auladeclio.com\/auladeclio\/wp-content\/uploads\/2019\/09\/VISTA-INTERIOR-DEL-PANTE\u00d3N-DE-ROMA-O-DE-AGRIPA.-Roma.-An\u00f3nimo.-120-d.-C..jpg"}},"image_meta":{"aperture":"8","credit":"scaliger - Fotolia","camera":"NIKON D800","caption":"Interior of Pantheon with the famous light ray from the top, Rome, Italy","created_timestamp":"1399641110","copyright":"Viacheslav Lopatin","focal_length":"16","iso":"640","shutter_speed":"0.125","title":"Interior of Rome Pantheon with the famous light ray","orientation":"1","keywords":["attraction","ancient","antique","architecture","building","capital","classic","culture","church","destination","europe","european","empire","famous","heritage","historic","historical","italy","italian","landmark","monument","national","old","pantheon","pagan","rome","roma","roman","religion","site","tourist","tourism","travel","temple","view","vacation","unesco","light","dome","interior","sunbeam","beam","ceiling","ray","sun","circular","sphere","inside","indoors","oculus"]}},"post":5311,"source_url":"https:\/\/auladeclio.com\/auladeclio\/wp-content\/uploads\/2019\/09\/VISTA-INTERIOR-DEL-PANTE\u00d3N-DE-ROMA-O-DE-AGRIPA.-Roma.-An\u00f3nimo.-120-d.-C..jpg","_links":{"self":[{"href":"https:\/\/auladeclio.com\/auladeclio\/wp-json\/wp\/v2\/media\/5346","targetHints":{"allow":["GET"]}}],"collection":[{"href":"https:\/\/auladeclio.com\/auladeclio\/wp-json\/wp\/v2\/media"}],"about":[{"href":"https:\/\/auladeclio.com\/auladeclio\/wp-json\/wp\/v2\/types\/attachment"}],"author":[{"embeddable":true,"href":"https:\/\/auladeclio.com\/auladeclio\/wp-json\/wp\/v2\/users\/1"}],"replies":[{"embeddable":true,"href":"https:\/\/auladeclio.com\/auladeclio\/wp-json\/wp\/v2\/comments?post=5346"}],"wp:term":[{"taxonomy":"foogallery_attachment_category","embeddable":true,"href":"https:\/\/auladeclio.com\/auladeclio\/wp-json\/wp\/v2\/foogallery_attachment_category?post=5346"}],"wp:attached-to":[{"embeddable":true,"post_type":"page","id":5311,"href":"https:\/\/auladeclio.com\/auladeclio\/wp-json\/wp\/v2\/pages\/5311"}],"curies":[{"name":"wp","href":"https:\/\/api.w.org\/{rel}","templated":true}]}}

http://auladeclio.com/auladeclio/wp-content/uploads/2019/09/VISTA-INTERIOR-DEL-PANTEÓN-DE-ROMA-O-DE-AGRIPA.-Roma.-Anónimo.-120-d.-C..jpg

VISTA INTERIOR DEL PANTEÓN DE ROMA O DE AGRIPA. Roma. Anónimo. (120 d. C.)

<p class="attachment"><a href='https://auladeclio.com/auladeclio/wp-content/uploads/2019/09/VISTA-INTERIOR-DEL-PANTEÓN-DE-ROMA-O-DE-AGRIPA.-Roma.-Anónimo.-120-d.-C..jpg'><img loading="lazy" decoding="async" width="300" height="200" src="https://auladeclio.com/auladeclio/wp-content/uploads/2019/09/VISTA-INTERIOR-DEL-PANTEÓN-DE-ROMA-O-DE-AGRIPA.-Roma.-Anónimo.-120-d.-C.-300x200.jpg" class="attachment-medium size-medium" alt="" srcset="https://auladeclio.com/auladeclio/wp-content/uploads/2019/09/VISTA-INTERIOR-DEL-PANTEÓN-DE-ROMA-O-DE-AGRIPA.-Roma.-Anónimo.-120-d.-C.-300x200.jpg 300w, https://auladeclio.com/auladeclio/wp-content/uploads/2019/09/VISTA-INTERIOR-DEL-PANTEÓN-DE-ROMA-O-DE-AGRIPA.-Roma.-Anónimo.-120-d.-C.-768x512.jpg 768w, https://auladeclio.com/auladeclio/wp-content/uploads/2019/09/VISTA-INTERIOR-DEL-PANTEÓN-DE-ROMA-O-DE-AGRIPA.-Roma.-Anónimo.-120-d.-C.-1024x683.jpg 1024w, https://auladeclio.com/auladeclio/wp-content/uploads/2019/09/VISTA-INTERIOR-DEL-PANTEÓN-DE-ROMA-O-DE-AGRIPA.-Roma.-Anónimo.-120-d.-C..jpg 1400w" sizes="auto, (max-width: 300px) 100vw, 300px" /></a></p>

<p>VISTA INTERIOR DEL PANTEÓN DE ROMA O DE AGRIPA. Roma. Anónimo. (120 d. C.)</p>

2019/09/VISTA-INTERIOR-DEL-PANTEÓN-DE-ROMA-O-DE-AGRIPA.-Roma.-Anónimo.-120-d.-C..jpg

VISTA-INTERIOR-DEL-PANTEÓN-DE-ROMA-O-DE-AGRIPA.-Roma.-Anónimo.-120-d.-C.-150x150.jpg

https://auladeclio.com/auladeclio/wp-content/uploads/2019/09/VISTA-INTERIOR-DEL-PANTEÓN-DE-ROMA-O-DE-AGRIPA.-Roma.-Anónimo.-120-d.-C.-150x150.jpg

VISTA-INTERIOR-DEL-PANTEÓN-DE-ROMA-O-DE-AGRIPA.-Roma.-Anónimo.-120-d.-C.-300x200.jpg

https://auladeclio.com/auladeclio/wp-content/uploads/2019/09/VISTA-INTERIOR-DEL-PANTEÓN-DE-ROMA-O-DE-AGRIPA.-Roma.-Anónimo.-120-d.-C.-300x200.jpg

VISTA-INTERIOR-DEL-PANTEÓN-DE-ROMA-O-DE-AGRIPA.-Roma.-Anónimo.-120-d.-C.-768x512.jpg

https://auladeclio.com/auladeclio/wp-content/uploads/2019/09/VISTA-INTERIOR-DEL-PANTEÓN-DE-ROMA-O-DE-AGRIPA.-Roma.-Anónimo.-120-d.-C.-768x512.jpg

VISTA-INTERIOR-DEL-PANTEÓN-DE-ROMA-O-DE-AGRIPA.-Roma.-Anónimo.-120-d.-C.-1024x683.jpg

https://auladeclio.com/auladeclio/wp-content/uploads/2019/09/VISTA-INTERIOR-DEL-PANTEÓN-DE-ROMA-O-DE-AGRIPA.-Roma.-Anónimo.-120-d.-C.-1024x683.jpg

VISTA-INTERIOR-DEL-PANTEÓN-DE-ROMA-O-DE-AGRIPA.-Roma.-Anónimo.-120-d.-C.-750x410.jpg

https://auladeclio.com/auladeclio/wp-content/uploads/2019/09/VISTA-INTERIOR-DEL-PANTEÓN-DE-ROMA-O-DE-AGRIPA.-Roma.-Anónimo.-120-d.-C.-750x410.jpg

VISTA-INTERIOR-DEL-PANTEÓN-DE-ROMA-O-DE-AGRIPA.-Roma.-Anónimo.-120-d.-C.-1140x624.jpg

https://auladeclio.com/auladeclio/wp-content/uploads/2019/09/VISTA-INTERIOR-DEL-PANTEÓN-DE-ROMA-O-DE-AGRIPA.-Roma.-Anónimo.-120-d.-C.-1140x624.jpg

VISTA-INTERIOR-DEL-PANTEÓN-DE-ROMA-O-DE-AGRIPA.-Roma.-Anónimo.-120-d.-C.-60x60.jpg

https://auladeclio.com/auladeclio/wp-content/uploads/2019/09/VISTA-INTERIOR-DEL-PANTEÓN-DE-ROMA-O-DE-AGRIPA.-Roma.-Anónimo.-120-d.-C.-60x60.jpg

VISTA-INTERIOR-DEL-PANTEÓN-DE-ROMA-O-DE-AGRIPA.-Roma.-Anónimo.-120-d.-C.-569x372.jpg

https://auladeclio.com/auladeclio/wp-content/uploads/2019/09/VISTA-INTERIOR-DEL-PANTEÓN-DE-ROMA-O-DE-AGRIPA.-Roma.-Anónimo.-120-d.-C.-569x372.jpg

VISTA-INTERIOR-DEL-PANTEÓN-DE-ROMA-O-DE-AGRIPA.-Roma.-Anónimo.-120-d.-C.-369x241.jpg

https://auladeclio.com/auladeclio/wp-content/uploads/2019/09/VISTA-INTERIOR-DEL-PANTEÓN-DE-ROMA-O-DE-AGRIPA.-Roma.-Anónimo.-120-d.-C.-369x241.jpg

VISTA-INTERIOR-DEL-PANTEÓN-DE-ROMA-O-DE-AGRIPA.-Roma.-Anónimo.-120-d.-C.-269x176.jpg

https://auladeclio.com/auladeclio/wp-content/uploads/2019/09/VISTA-INTERIOR-DEL-PANTEÓN-DE-ROMA-O-DE-AGRIPA.-Roma.-Anónimo.-120-d.-C.-269x176.jpg

VISTA-INTERIOR-DEL-PANTEÓN-DE-ROMA-O-DE-AGRIPA.-Roma.-Anónimo.-120-d.-C..jpg

https://auladeclio.com/auladeclio/wp-content/uploads/2019/09/VISTA-INTERIOR-DEL-PANTEÓN-DE-ROMA-O-DE-AGRIPA.-Roma.-Anónimo.-120-d.-C..jpg
