{"id":4923,"date":"2019-02-14T10:26:28","date_gmt":"2019-02-14T10:26:28","guid":{"rendered":"http:\/\/auladeclio.com\/auladeclio\/wp-content\/uploads\/2019\/02\/RECONSTRUCCI\u00d3N-DE-LA-CONSTRUCCI\u00d3N-DEL-DOLMEN-DE-ALBERITE-C\u00c1DIZ.-CLICA-PARA-VER-UN-V\u00cdDEO-SOBRE-ESTE-DOLMEN.png"},"modified":"2019-02-14T10:26:44","modified_gmt":"2019-02-14T10:26:44","slug":"reconstruccion-de-la-construccion-del-dolmen-de-alberite-cadiz-clica-para-ver-un-video-sobre-este-dolmen","status":"inherit","type":"attachment","link":"https:\/\/auladeclio.com\/auladeclio\/6-6-la-prehistoria-en-nuestro-entorno\/reconstruccion-de-la-construccion-del-dolmen-de-alberite-cadiz-clica-para-ver-un-video-sobre-este-dolmen\/","title":{"rendered":"RECONSTRUCCI\u00d3N DE LA CONSTRUCCI\u00d3N DEL DOLMEN DE ALBERITE (C\u00c1DIZ). CLICA PARA VER UN V\u00cdDEO SOBRE ESTE DOLMEN"},"author":1,"featured_media":0,"comment_status":"open","ping_status":"closed","template":"","meta":{"nf_dc_page":""},"foogallery_attachment_category":[],"class_list":["post-4923","attachment","type-attachment","status-inherit","hentry"],"description":{"rendered":"<p class=\"attachment\"><a href='https:\/\/auladeclio.com\/auladeclio\/wp-content\/uploads\/2019\/02\/RECONSTRUCCI\u00d3N-DE-LA-CONSTRUCCI\u00d3N-DEL-DOLMEN-DE-ALBERITE-C\u00c1DIZ.-CLICA-PARA-VER-UN-V\u00cdDEO-SOBRE-ESTE-DOLMEN.png'><img loading=\"lazy\" decoding=\"async\" width=\"300\" height=\"169\" src=\"https:\/\/auladeclio.com\/auladeclio\/wp-content\/uploads\/2019\/02\/RECONSTRUCCI\u00d3N-DE-LA-CONSTRUCCI\u00d3N-DEL-DOLMEN-DE-ALBERITE-C\u00c1DIZ.-CLICA-PARA-VER-UN-V\u00cdDEO-SOBRE-ESTE-DOLMEN-300x169.png\" class=\"attachment-medium size-medium\" alt=\"\" srcset=\"https:\/\/auladeclio.com\/auladeclio\/wp-content\/uploads\/2019\/02\/RECONSTRUCCI\u00d3N-DE-LA-CONSTRUCCI\u00d3N-DEL-DOLMEN-DE-ALBERITE-C\u00c1DIZ.-CLICA-PARA-VER-UN-V\u00cdDEO-SOBRE-ESTE-DOLMEN-300x169.png 300w, https:\/\/auladeclio.com\/auladeclio\/wp-content\/uploads\/2019\/02\/RECONSTRUCCI\u00d3N-DE-LA-CONSTRUCCI\u00d3N-DEL-DOLMEN-DE-ALBERITE-C\u00c1DIZ.-CLICA-PARA-VER-UN-V\u00cdDEO-SOBRE-ESTE-DOLMEN-768x432.png 768w, https:\/\/auladeclio.com\/auladeclio\/wp-content\/uploads\/2019\/02\/RECONSTRUCCI\u00d3N-DE-LA-CONSTRUCCI\u00d3N-DEL-DOLMEN-DE-ALBERITE-C\u00c1DIZ.-CLICA-PARA-VER-UN-V\u00cdDEO-SOBRE-ESTE-DOLMEN-1024x575.png 1024w, https:\/\/auladeclio.com\/auladeclio\/wp-content\/uploads\/2019\/02\/RECONSTRUCCI\u00d3N-DE-LA-CONSTRUCCI\u00d3N-DEL-DOLMEN-DE-ALBERITE-C\u00c1DIZ.-CLICA-PARA-VER-UN-V\u00cdDEO-SOBRE-ESTE-DOLMEN.png 1600w\" sizes=\"auto, (max-width: 300px) 100vw, 300px\" \/><\/a><\/p>\n"},"caption":{"rendered":"<p>RECONSTRUCCI\u00d3N DE LA CONSTRUCCI\u00d3N DEL DOLMEN DE ALBERITE (C\u00c1DIZ). CLICA PARA VER UN V\u00cdDEO SOBRE ESTE DOLMEN<\/p>\n"},"alt_text":"","media_type":"image","mime_type":"image\/png","media_details":{"width":1600,"height":899,"file":"2019\/02\/RECONSTRUCCI\u00d3N-DE-LA-CONSTRUCCI\u00d3N-DEL-DOLMEN-DE-ALBERITE-C\u00c1DIZ.-CLICA-PARA-VER-UN-V\u00cdDEO-SOBRE-ESTE-DOLMEN.png","sizes":{"thumbnail":{"file":"RECONSTRUCCI\u00d3N-DE-LA-CONSTRUCCI\u00d3N-DEL-DOLMEN-DE-ALBERITE-C\u00c1DIZ.-CLICA-PARA-VER-UN-V\u00cdDEO-SOBRE-ESTE-DOLMEN-150x150.png","width":150,"height":150,"mime_type":"image\/png","source_url":"https:\/\/auladeclio.com\/auladeclio\/wp-content\/uploads\/2019\/02\/RECONSTRUCCI\u00d3N-DE-LA-CONSTRUCCI\u00d3N-DEL-DOLMEN-DE-ALBERITE-C\u00c1DIZ.-CLICA-PARA-VER-UN-V\u00cdDEO-SOBRE-ESTE-DOLMEN-150x150.png"},"medium":{"file":"RECONSTRUCCI\u00d3N-DE-LA-CONSTRUCCI\u00d3N-DEL-DOLMEN-DE-ALBERITE-C\u00c1DIZ.-CLICA-PARA-VER-UN-V\u00cdDEO-SOBRE-ESTE-DOLMEN-300x169.png","width":300,"height":169,"mime_type":"image\/png","source_url":"https:\/\/auladeclio.com\/auladeclio\/wp-content\/uploads\/2019\/02\/RECONSTRUCCI\u00d3N-DE-LA-CONSTRUCCI\u00d3N-DEL-DOLMEN-DE-ALBERITE-C\u00c1DIZ.-CLICA-PARA-VER-UN-V\u00cdDEO-SOBRE-ESTE-DOLMEN-300x169.png"},"medium_large":{"file":"RECONSTRUCCI\u00d3N-DE-LA-CONSTRUCCI\u00d3N-DEL-DOLMEN-DE-ALBERITE-C\u00c1DIZ.-CLICA-PARA-VER-UN-V\u00cdDEO-SOBRE-ESTE-DOLMEN-768x432.png","width":768,"height":432,"mime_type":"image\/png","source_url":"https:\/\/auladeclio.com\/auladeclio\/wp-content\/uploads\/2019\/02\/RECONSTRUCCI\u00d3N-DE-LA-CONSTRUCCI\u00d3N-DEL-DOLMEN-DE-ALBERITE-C\u00c1DIZ.-CLICA-PARA-VER-UN-V\u00cdDEO-SOBRE-ESTE-DOLMEN-768x432.png"},"large":{"file":"RECONSTRUCCI\u00d3N-DE-LA-CONSTRUCCI\u00d3N-DEL-DOLMEN-DE-ALBERITE-C\u00c1DIZ.-CLICA-PARA-VER-UN-V\u00cdDEO-SOBRE-ESTE-DOLMEN-1024x575.png","width":1024,"height":575,"mime_type":"image\/png","source_url":"https:\/\/auladeclio.com\/auladeclio\/wp-content\/uploads\/2019\/02\/RECONSTRUCCI\u00d3N-DE-LA-CONSTRUCCI\u00d3N-DEL-DOLMEN-DE-ALBERITE-C\u00c1DIZ.-CLICA-PARA-VER-UN-V\u00cdDEO-SOBRE-ESTE-DOLMEN-1024x575.png"},"sparkling-featured":{"file":"RECONSTRUCCI\u00d3N-DE-LA-CONSTRUCCI\u00d3N-DEL-DOLMEN-DE-ALBERITE-C\u00c1DIZ.-CLICA-PARA-VER-UN-V\u00cdDEO-SOBRE-ESTE-DOLMEN-750x410.png","width":750,"height":410,"mime_type":"image\/png","source_url":"https:\/\/auladeclio.com\/auladeclio\/wp-content\/uploads\/2019\/02\/RECONSTRUCCI\u00d3N-DE-LA-CONSTRUCCI\u00d3N-DEL-DOLMEN-DE-ALBERITE-C\u00c1DIZ.-CLICA-PARA-VER-UN-V\u00cdDEO-SOBRE-ESTE-DOLMEN-750x410.png"},"sparkling-featured-fullwidth":{"file":"RECONSTRUCCI\u00d3N-DE-LA-CONSTRUCCI\u00d3N-DEL-DOLMEN-DE-ALBERITE-C\u00c1DIZ.-CLICA-PARA-VER-UN-V\u00cdDEO-SOBRE-ESTE-DOLMEN-1140x624.png","width":1140,"height":624,"mime_type":"image\/png","source_url":"https:\/\/auladeclio.com\/auladeclio\/wp-content\/uploads\/2019\/02\/RECONSTRUCCI\u00d3N-DE-LA-CONSTRUCCI\u00d3N-DEL-DOLMEN-DE-ALBERITE-C\u00c1DIZ.-CLICA-PARA-VER-UN-V\u00cdDEO-SOBRE-ESTE-DOLMEN-1140x624.png"},"tab-small":{"file":"RECONSTRUCCI\u00d3N-DE-LA-CONSTRUCCI\u00d3N-DEL-DOLMEN-DE-ALBERITE-C\u00c1DIZ.-CLICA-PARA-VER-UN-V\u00cdDEO-SOBRE-ESTE-DOLMEN-60x60.png","width":60,"height":60,"mime_type":"image\/png","source_url":"https:\/\/auladeclio.com\/auladeclio\/wp-content\/uploads\/2019\/02\/RECONSTRUCCI\u00d3N-DE-LA-CONSTRUCCI\u00d3N-DEL-DOLMEN-DE-ALBERITE-C\u00c1DIZ.-CLICA-PARA-VER-UN-V\u00cdDEO-SOBRE-ESTE-DOLMEN-60x60.png"},"ebs-portfolio-two":{"file":"RECONSTRUCCI\u00d3N-DE-LA-CONSTRUCCI\u00d3N-DEL-DOLMEN-DE-ALBERITE-C\u00c1DIZ.-CLICA-PARA-VER-UN-V\u00cdDEO-SOBRE-ESTE-DOLMEN-569x372.png","width":569,"height":372,"mime_type":"image\/png","source_url":"https:\/\/auladeclio.com\/auladeclio\/wp-content\/uploads\/2019\/02\/RECONSTRUCCI\u00d3N-DE-LA-CONSTRUCCI\u00d3N-DEL-DOLMEN-DE-ALBERITE-C\u00c1DIZ.-CLICA-PARA-VER-UN-V\u00cdDEO-SOBRE-ESTE-DOLMEN-569x372.png"},"ebs-portfolio-three":{"file":"RECONSTRUCCI\u00d3N-DE-LA-CONSTRUCCI\u00d3N-DEL-DOLMEN-DE-ALBERITE-C\u00c1DIZ.-CLICA-PARA-VER-UN-V\u00cdDEO-SOBRE-ESTE-DOLMEN-369x241.png","width":369,"height":241,"mime_type":"image\/png","source_url":"https:\/\/auladeclio.com\/auladeclio\/wp-content\/uploads\/2019\/02\/RECONSTRUCCI\u00d3N-DE-LA-CONSTRUCCI\u00d3N-DEL-DOLMEN-DE-ALBERITE-C\u00c1DIZ.-CLICA-PARA-VER-UN-V\u00cdDEO-SOBRE-ESTE-DOLMEN-369x241.png"},"ebs-portfolio-four":{"file":"RECONSTRUCCI\u00d3N-DE-LA-CONSTRUCCI\u00d3N-DEL-DOLMEN-DE-ALBERITE-C\u00c1DIZ.-CLICA-PARA-VER-UN-V\u00cdDEO-SOBRE-ESTE-DOLMEN-269x176.png","width":269,"height":176,"mime_type":"image\/png","source_url":"https:\/\/auladeclio.com\/auladeclio\/wp-content\/uploads\/2019\/02\/RECONSTRUCCI\u00d3N-DE-LA-CONSTRUCCI\u00d3N-DEL-DOLMEN-DE-ALBERITE-C\u00c1DIZ.-CLICA-PARA-VER-UN-V\u00cdDEO-SOBRE-ESTE-DOLMEN-269x176.png"},"full":{"file":"RECONSTRUCCI\u00d3N-DE-LA-CONSTRUCCI\u00d3N-DEL-DOLMEN-DE-ALBERITE-C\u00c1DIZ.-CLICA-PARA-VER-UN-V\u00cdDEO-SOBRE-ESTE-DOLMEN.png","width":1600,"height":899,"mime_type":"image\/png","source_url":"https:\/\/auladeclio.com\/auladeclio\/wp-content\/uploads\/2019\/02\/RECONSTRUCCI\u00d3N-DE-LA-CONSTRUCCI\u00d3N-DEL-DOLMEN-DE-ALBERITE-C\u00c1DIZ.-CLICA-PARA-VER-UN-V\u00cdDEO-SOBRE-ESTE-DOLMEN.png"}},"image_meta":{"aperture":"0","credit":"","camera":"","caption":"","created_timestamp":"0","copyright":"","focal_length":"0","iso":"0","shutter_speed":"0","title":"","orientation":"0","keywords":[]}},"post":3824,"source_url":"https:\/\/auladeclio.com\/auladeclio\/wp-content\/uploads\/2019\/02\/RECONSTRUCCI\u00d3N-DE-LA-CONSTRUCCI\u00d3N-DEL-DOLMEN-DE-ALBERITE-C\u00c1DIZ.-CLICA-PARA-VER-UN-V\u00cdDEO-SOBRE-ESTE-DOLMEN.png","_links":{"self":[{"href":"https:\/\/auladeclio.com\/auladeclio\/wp-json\/wp\/v2\/media\/4923","targetHints":{"allow":["GET"]}}],"collection":[{"href":"https:\/\/auladeclio.com\/auladeclio\/wp-json\/wp\/v2\/media"}],"about":[{"href":"https:\/\/auladeclio.com\/auladeclio\/wp-json\/wp\/v2\/types\/attachment"}],"author":[{"embeddable":true,"href":"https:\/\/auladeclio.com\/auladeclio\/wp-json\/wp\/v2\/users\/1"}],"replies":[{"embeddable":true,"href":"https:\/\/auladeclio.com\/auladeclio\/wp-json\/wp\/v2\/comments?post=4923"}],"wp:term":[{"taxonomy":"foogallery_attachment_category","embeddable":true,"href":"https:\/\/auladeclio.com\/auladeclio\/wp-json\/wp\/v2\/foogallery_attachment_category?post=4923"}],"wp:attached-to":[{"embeddable":true,"post_type":"page","id":3824,"href":"https:\/\/auladeclio.com\/auladeclio\/wp-json\/wp\/v2\/pages\/3824"}],"curies":[{"name":"wp","href":"https:\/\/api.w.org\/{rel}","templated":true}]}}

http://auladeclio.com/auladeclio/wp-content/uploads/2019/02/RECONSTRUCCIÓN-DE-LA-CONSTRUCCIÓN-DEL-DOLMEN-DE-ALBERITE-CÁDIZ.-CLICA-PARA-VER-UN-VÍDEO-SOBRE-ESTE-DOLMEN.png

RECONSTRUCCIÓN DE LA CONSTRUCCIÓN DEL DOLMEN DE ALBERITE (CÁDIZ). CLICA PARA VER UN VÍDEO SOBRE ESTE DOLMEN

<p class="attachment"><a href='https://auladeclio.com/auladeclio/wp-content/uploads/2019/02/RECONSTRUCCIÓN-DE-LA-CONSTRUCCIÓN-DEL-DOLMEN-DE-ALBERITE-CÁDIZ.-CLICA-PARA-VER-UN-VÍDEO-SOBRE-ESTE-DOLMEN.png'><img loading="lazy" decoding="async" width="300" height="169" src="https://auladeclio.com/auladeclio/wp-content/uploads/2019/02/RECONSTRUCCIÓN-DE-LA-CONSTRUCCIÓN-DEL-DOLMEN-DE-ALBERITE-CÁDIZ.-CLICA-PARA-VER-UN-VÍDEO-SOBRE-ESTE-DOLMEN-300x169.png" class="attachment-medium size-medium" alt="" srcset="https://auladeclio.com/auladeclio/wp-content/uploads/2019/02/RECONSTRUCCIÓN-DE-LA-CONSTRUCCIÓN-DEL-DOLMEN-DE-ALBERITE-CÁDIZ.-CLICA-PARA-VER-UN-VÍDEO-SOBRE-ESTE-DOLMEN-300x169.png 300w, https://auladeclio.com/auladeclio/wp-content/uploads/2019/02/RECONSTRUCCIÓN-DE-LA-CONSTRUCCIÓN-DEL-DOLMEN-DE-ALBERITE-CÁDIZ.-CLICA-PARA-VER-UN-VÍDEO-SOBRE-ESTE-DOLMEN-768x432.png 768w, https://auladeclio.com/auladeclio/wp-content/uploads/2019/02/RECONSTRUCCIÓN-DE-LA-CONSTRUCCIÓN-DEL-DOLMEN-DE-ALBERITE-CÁDIZ.-CLICA-PARA-VER-UN-VÍDEO-SOBRE-ESTE-DOLMEN-1024x575.png 1024w, https://auladeclio.com/auladeclio/wp-content/uploads/2019/02/RECONSTRUCCIÓN-DE-LA-CONSTRUCCIÓN-DEL-DOLMEN-DE-ALBERITE-CÁDIZ.-CLICA-PARA-VER-UN-VÍDEO-SOBRE-ESTE-DOLMEN.png 1600w" sizes="auto, (max-width: 300px) 100vw, 300px" /></a></p>

<p>RECONSTRUCCIÓN DE LA CONSTRUCCIÓN DEL DOLMEN DE ALBERITE (CÁDIZ). CLICA PARA VER UN VÍDEO SOBRE ESTE DOLMEN</p>

2019/02/RECONSTRUCCIÓN-DE-LA-CONSTRUCCIÓN-DEL-DOLMEN-DE-ALBERITE-CÁDIZ.-CLICA-PARA-VER-UN-VÍDEO-SOBRE-ESTE-DOLMEN.png

RECONSTRUCCIÓN-DE-LA-CONSTRUCCIÓN-DEL-DOLMEN-DE-ALBERITE-CÁDIZ.-CLICA-PARA-VER-UN-VÍDEO-SOBRE-ESTE-DOLMEN-150x150.png

https://auladeclio.com/auladeclio/wp-content/uploads/2019/02/RECONSTRUCCIÓN-DE-LA-CONSTRUCCIÓN-DEL-DOLMEN-DE-ALBERITE-CÁDIZ.-CLICA-PARA-VER-UN-VÍDEO-SOBRE-ESTE-DOLMEN-150x150.png

RECONSTRUCCIÓN-DE-LA-CONSTRUCCIÓN-DEL-DOLMEN-DE-ALBERITE-CÁDIZ.-CLICA-PARA-VER-UN-VÍDEO-SOBRE-ESTE-DOLMEN-300x169.png

https://auladeclio.com/auladeclio/wp-content/uploads/2019/02/RECONSTRUCCIÓN-DE-LA-CONSTRUCCIÓN-DEL-DOLMEN-DE-ALBERITE-CÁDIZ.-CLICA-PARA-VER-UN-VÍDEO-SOBRE-ESTE-DOLMEN-300x169.png

RECONSTRUCCIÓN-DE-LA-CONSTRUCCIÓN-DEL-DOLMEN-DE-ALBERITE-CÁDIZ.-CLICA-PARA-VER-UN-VÍDEO-SOBRE-ESTE-DOLMEN-768x432.png

https://auladeclio.com/auladeclio/wp-content/uploads/2019/02/RECONSTRUCCIÓN-DE-LA-CONSTRUCCIÓN-DEL-DOLMEN-DE-ALBERITE-CÁDIZ.-CLICA-PARA-VER-UN-VÍDEO-SOBRE-ESTE-DOLMEN-768x432.png

RECONSTRUCCIÓN-DE-LA-CONSTRUCCIÓN-DEL-DOLMEN-DE-ALBERITE-CÁDIZ.-CLICA-PARA-VER-UN-VÍDEO-SOBRE-ESTE-DOLMEN-1024x575.png

https://auladeclio.com/auladeclio/wp-content/uploads/2019/02/RECONSTRUCCIÓN-DE-LA-CONSTRUCCIÓN-DEL-DOLMEN-DE-ALBERITE-CÁDIZ.-CLICA-PARA-VER-UN-VÍDEO-SOBRE-ESTE-DOLMEN-1024x575.png

RECONSTRUCCIÓN-DE-LA-CONSTRUCCIÓN-DEL-DOLMEN-DE-ALBERITE-CÁDIZ.-CLICA-PARA-VER-UN-VÍDEO-SOBRE-ESTE-DOLMEN-750x410.png

https://auladeclio.com/auladeclio/wp-content/uploads/2019/02/RECONSTRUCCIÓN-DE-LA-CONSTRUCCIÓN-DEL-DOLMEN-DE-ALBERITE-CÁDIZ.-CLICA-PARA-VER-UN-VÍDEO-SOBRE-ESTE-DOLMEN-750x410.png

RECONSTRUCCIÓN-DE-LA-CONSTRUCCIÓN-DEL-DOLMEN-DE-ALBERITE-CÁDIZ.-CLICA-PARA-VER-UN-VÍDEO-SOBRE-ESTE-DOLMEN-1140x624.png

https://auladeclio.com/auladeclio/wp-content/uploads/2019/02/RECONSTRUCCIÓN-DE-LA-CONSTRUCCIÓN-DEL-DOLMEN-DE-ALBERITE-CÁDIZ.-CLICA-PARA-VER-UN-VÍDEO-SOBRE-ESTE-DOLMEN-1140x624.png

RECONSTRUCCIÓN-DE-LA-CONSTRUCCIÓN-DEL-DOLMEN-DE-ALBERITE-CÁDIZ.-CLICA-PARA-VER-UN-VÍDEO-SOBRE-ESTE-DOLMEN-60x60.png

https://auladeclio.com/auladeclio/wp-content/uploads/2019/02/RECONSTRUCCIÓN-DE-LA-CONSTRUCCIÓN-DEL-DOLMEN-DE-ALBERITE-CÁDIZ.-CLICA-PARA-VER-UN-VÍDEO-SOBRE-ESTE-DOLMEN-60x60.png

RECONSTRUCCIÓN-DE-LA-CONSTRUCCIÓN-DEL-DOLMEN-DE-ALBERITE-CÁDIZ.-CLICA-PARA-VER-UN-VÍDEO-SOBRE-ESTE-DOLMEN-569x372.png

https://auladeclio.com/auladeclio/wp-content/uploads/2019/02/RECONSTRUCCIÓN-DE-LA-CONSTRUCCIÓN-DEL-DOLMEN-DE-ALBERITE-CÁDIZ.-CLICA-PARA-VER-UN-VÍDEO-SOBRE-ESTE-DOLMEN-569x372.png

RECONSTRUCCIÓN-DE-LA-CONSTRUCCIÓN-DEL-DOLMEN-DE-ALBERITE-CÁDIZ.-CLICA-PARA-VER-UN-VÍDEO-SOBRE-ESTE-DOLMEN-369x241.png

https://auladeclio.com/auladeclio/wp-content/uploads/2019/02/RECONSTRUCCIÓN-DE-LA-CONSTRUCCIÓN-DEL-DOLMEN-DE-ALBERITE-CÁDIZ.-CLICA-PARA-VER-UN-VÍDEO-SOBRE-ESTE-DOLMEN-369x241.png

RECONSTRUCCIÓN-DE-LA-CONSTRUCCIÓN-DEL-DOLMEN-DE-ALBERITE-CÁDIZ.-CLICA-PARA-VER-UN-VÍDEO-SOBRE-ESTE-DOLMEN-269x176.png

https://auladeclio.com/auladeclio/wp-content/uploads/2019/02/RECONSTRUCCIÓN-DE-LA-CONSTRUCCIÓN-DEL-DOLMEN-DE-ALBERITE-CÁDIZ.-CLICA-PARA-VER-UN-VÍDEO-SOBRE-ESTE-DOLMEN-269x176.png

RECONSTRUCCIÓN-DE-LA-CONSTRUCCIÓN-DEL-DOLMEN-DE-ALBERITE-CÁDIZ.-CLICA-PARA-VER-UN-VÍDEO-SOBRE-ESTE-DOLMEN.png

https://auladeclio.com/auladeclio/wp-content/uploads/2019/02/RECONSTRUCCIÓN-DE-LA-CONSTRUCCIÓN-DEL-DOLMEN-DE-ALBERITE-CÁDIZ.-CLICA-PARA-VER-UN-VÍDEO-SOBRE-ESTE-DOLMEN.png
